{"id":1185,"date":"2018-08-06T13:55:52","date_gmt":"2018-08-06T11:55:52","guid":{"rendered":"http:\/\/staging.altrich.de\/?page_id=1185"},"modified":"2018-11-11T13:24:38","modified_gmt":"2018-11-11T12:24:38","slug":"grundschule-2","status":"publish","type":"page","link":"https:\/\/www.altrich.de\/index.php\/grundschule-2\/","title":{"rendered":"Grundschule"},"content":{"rendered":"<div id='full_slider_1'  class='avia-fullwidth-slider main_color avia-shadow   avia-builder-el-0  el_before_av_section  avia-builder-el-first   container_wrap fullsize' style=' '  ><div   data-size='featured'  data-lightbox_size='large'  data-animation='slide'  data-conditional_play=''  data-ids='1171'  data-video_counter='0'  data-autoplay='false'  data-bg_slider='false'  data-slide_height=''  data-handle='av_slideshow_full'  data-interval='5'  data-class=' '  data-el_id=''  data-css_id=''  data-scroll_down=''  data-control_layout='av-control-default'  data-custom_markup=''  data-perma_caption=''  data-autoplay_stopper=''  data-image_attachment=''  data-min_height='0px'  data-src=''  data-position='top left'  data-repeat='no-repeat'  data-attach='scroll'  data-stretch=''  data-default-height='28.666666666667'  class='avia-slideshow avia-slideshow-1  av-control-default av-default-height-applied avia-slideshow-featured av_slideshow_full   avia-slide-slider '  itemprop=\"image\" itemscope=\"itemscope\" itemtype=\"https:\/\/schema.org\/ImageObject\" ><ul class='avia-slideshow-inner ' style='padding-bottom: 28.666666666667%;' ><li  class=' av-single-slide slide-1 ' ><div data-rel='slideshow-1' class='avia-slide-wrap '   ><img src='https:\/\/www.altrich.de\/wp-content\/uploads\/2018\/08\/a-schule.jpg' width='1500' height='430' title='a-schule' alt=''  itemprop=\"thumbnailUrl\"   \/><\/div><\/li><\/ul><\/div><\/div>\n<div id='av_section_1'  class='avia-section main_color avia-section-default avia-no-shadow  avia-bg-style-scroll  avia-builder-el-1  el_after_av_slideshow_full  avia-builder-el-last   container_wrap fullsize' style=' '  ><div class='container' ><div class='template-page content  av-content-full alpha units'><div class='post-entry post-entry-type-page post-entry-1185'><div class='entry-content-wrapper clearfix'>\n<div  style='padding-bottom:10px; ' class='av-special-heading av-special-heading-h2  blockquote modern-quote modern-centered  avia-builder-el-2  el_before_av_two_fifth  avia-builder-el-first  '><h2 class='av-special-heading-tag '  itemprop=\"headline\"  >Grundschule Altrich<\/h2><div class='special-heading-border'><div class='special-heading-inner-border' ><\/div><\/div><\/div>\n<div class=\"flex_column av_two_fifth  flex_column_div av-zero-column-padding first  avia-builder-el-3  el_after_av_heading  el_before_av_three_fifth  \" style='border-radius:0px; '><section class=\"av_textblock_section \"  itemscope=\"itemscope\" itemtype=\"https:\/\/schema.org\/CreativeWork\" ><div class='avia_textblock  '   itemprop=\"text\" ><p><img loading=\"lazy\" decoding=\"async\" class=\"alignnone size-full wp-image-1191\" src=\"https:\/\/www.altrich.de\/wp-content\/uploads\/2018\/08\/s2dlogo.jpg\" alt=\"\" width=\"150\" height=\"50\" \/> <a href=\"https:\/\/www.altrich.de\/wp-content\/uploads\/2018\/08\/Schule_2.jpg\"><img loading=\"lazy\" decoding=\"async\" class=\"alignnone wp-image-1192 size-full\" src=\"https:\/\/www.altrich.de\/wp-content\/uploads\/2018\/08\/Schule_2.jpg\" alt=\"\" width=\"1000\" height=\"750\" srcset=\"https:\/\/www.altrich.de\/wp-content\/uploads\/2018\/08\/Schule_2.jpg 1000w, https:\/\/www.altrich.de\/wp-content\/uploads\/2018\/08\/Schule_2-300x225.jpg 300w, https:\/\/www.altrich.de\/wp-content\/uploads\/2018\/08\/Schule_2-768x576.jpg 768w, https:\/\/www.altrich.de\/wp-content\/uploads\/2018\/08\/Schule_2-705x529.jpg 705w, https:\/\/www.altrich.de\/wp-content\/uploads\/2018\/08\/Schule_2-450x338.jpg 450w\" sizes=\"auto, (max-width: 1000px) 100vw, 1000px\" \/><\/a>Klicke hier, Die Grundschule in der Gemeinde Altrich mit 4 Klassen.<\/p>\n<\/div><\/section><\/div><div class=\"flex_column av_three_fifth  flex_column_div av-zero-column-padding   avia-builder-el-5  el_after_av_two_fifth  avia-builder-el-last  \" style='border-radius:0px; '><section class=\"av_textblock_section \"  itemscope=\"itemscope\" itemtype=\"https:\/\/schema.org\/CreativeWork\" ><div class='avia_textblock  '   itemprop=\"text\" ><p class=\"bodytext\">Die Grundschule Altrich hat eine lange Geschichte, viele Menschen haben hier ihre Schullaufbahn begonnen. Heute sind wir mit ca. 50 Sch\u00fclerinnen und Sch\u00fclern sowie vier Lehrerinnen eine wichtige Einrichtung unseres Ortes. Wir arbeiten eng mit den Eltern unserer Sch\u00fcler zusammen, haben dar\u00fcber hinaus einen guten Kontakt zum nahegelegenen Kindergarten und werden von einem sehr engagierten F\u00f6rderverein tatkr\u00e4ftig unterst\u00fctzt.<\/p>\n<p class=\"bodytext\">Bereits vor 1780 gab es in Altrich &#8211; damals Filiale der Pfarrkirche zu Kirchhof &#8211; Schulunterricht, aber nur im Winter und unregelm\u00e4\u00dfig. Genaueres ist bekannt seit 1825, dem Beginn der offziellen Schulpflicht in Deutschland. Im Jahre 1880 erfolgte der Einzug in den Neubau neben der Altricher Kirche \u00fand 1936 die Erweiterung auf die heutige Gr\u00f6\u00dfe. Von 1971 bis 1981 fand in Altrich kein Unterricht statt, alle Altricher Kinder besuchten in diesen 10 Jahren die Grund- und Hauptschule in Wengerohr.\u00a0 Seit 1981 verf\u00fcgt Altrich wieder \u00fcber eine eigene Grundschule, in der vier Klassen unterricht werden.<\/p>\n<p class=\"bodytext\">Wie alle rheinland-pf\u00e4lzischen Schulen\u00a0hat\u00a0auch die Altricher Grundschule\u00a0in den vergangenen Jahren ein Qualit\u00e4tsprogramm erstellt. Der Schwerpunkt dieses Programmes liegt\u00a0in der Lesef\u00f6rderung. Die \u00dcbungen zum systematischen Lesen nach Klippert sollen die Sch\u00fcler anleiten, Texten selbstst\u00e4ndig Informationen zu entnehmen. Eine Kompetenz, die die Sch\u00fcler auch in den weiterf\u00fchrenden Schulen ben\u00f6tigen werden.<\/p>\n<p class=\"bodytext\">Ebenso wichtig ist aber auch die enge Zusammenarbeit mit der Ortsgemeinde, der Pfarrgemeinde, dem Kindergarten und den Ortsvereinen. Besonders deutlich wurde dies im Jahr 2008 durch die Auff\u00fchrung des Kindermusicals &#8222;Wakatanka&#8220;, einem Kooperationsprojekt von Grundschule, Kindergarten und Musikverein.<\/p>\n<p class=\"bodytext\">Weitere Informationen finden Sie auf der Homepage der Grundschule Altrich* <a href=\"http:\/\/www.gsaltrich.de\/\" target=\"_blank\" rel=\"noopener\"><i class=\"fa fa-external-link \" ><\/i><\/a><\/p>\n<hr \/>\n<h6>*Sie werden bei dem Link mit der WebSite der Grundschule Altrich verbunden. Dadurch werden Ihre IP und evtl. weitere Daten an den Betreiber der Seite \u00fcbertragen. Diese k\u00f6nnen dort ausgewertet, gespeichert und weiter verwendet werden. Wenn Sie auf den Link klicken, sind Sie damit einverstanden. Wir haben auf die weitere Verwendung Ihrer pers\u00f6nlichen Daten bei der Zieladresse keinen Einfluss.<\/h6>\n<\/div><\/section><\/div>\n","protected":false},"excerpt":{"rendered":"","protected":false},"author":1,"featured_media":0,"parent":0,"menu_order":0,"comment_status":"closed","ping_status":"closed","template":"","meta":{"footnotes":""},"class_list":["post-1185","page","type-page","status-publish","hentry"],"_links":{"self":[{"href":"https:\/\/www.altrich.de\/index.php\/wp-json\/wp\/v2\/pages\/1185","targetHints":{"allow":["GET"]}}],"collection":[{"href":"https:\/\/www.altrich.de\/index.php\/wp-json\/wp\/v2\/pages"}],"about":[{"href":"https:\/\/www.altrich.de\/index.php\/wp-json\/wp\/v2\/types\/page"}],"author":[{"embeddable":true,"href":"https:\/\/www.altrich.de\/index.php\/wp-json\/wp\/v2\/users\/1"}],"replies":[{"embeddable":true,"href":"https:\/\/www.altrich.de\/index.php\/wp-json\/wp\/v2\/comments?post=1185"}],"version-history":[{"count":8,"href":"https:\/\/www.altrich.de\/index.php\/wp-json\/wp\/v2\/pages\/1185\/revisions"}],"predecessor-version":[{"id":2030,"href":"https:\/\/www.altrich.de\/index.php\/wp-json\/wp\/v2\/pages\/1185\/revisions\/2030"}],"wp:attachment":[{"href":"https:\/\/www.altrich.de\/index.php\/wp-json\/wp\/v2\/media?parent=1185"}],"curies":[{"name":"wp","href":"https:\/\/api.w.org\/{rel}","templated":true}]}}

<div id='full_slider_1'  class='avia-fullwidth-slider main_color avia-shadow   avia-builder-el-0  el_before_av_section  avia-builder-el-first   container_wrap fullsize' style=' '  ><div   data-size='featured'  data-lightbox_size='large'  data-animation='slide'  data-conditional_play=''  data-ids='1171'  data-video_counter='0'  data-autoplay='false'  data-bg_slider='false'  data-slide_height=''  data-handle='av_slideshow_full'  data-interval='5'  data-class=' '  data-el_id=''  data-css_id=''  data-scroll_down=''  data-control_layout='av-control-default'  data-custom_markup=''  data-perma_caption=''  data-autoplay_stopper=''  data-image_attachment=''  data-min_height='0px'  data-src=''  data-position='top left'  data-repeat='no-repeat'  data-attach='scroll'  data-stretch=''  data-default-height='28.666666666667'  class='avia-slideshow avia-slideshow-1  av-control-default av-default-height-applied avia-slideshow-featured av_slideshow_full   avia-slide-slider '  itemprop="image" itemscope="itemscope" itemtype="https://schema.org/ImageObject" ><ul class='avia-slideshow-inner ' style='padding-bottom: 28.666666666667%;' ><li  class=' av-single-slide slide-1 ' ><div data-rel='slideshow-1' class='avia-slide-wrap '   ><img src='https://www.altrich.de/wp-content/uploads/2018/08/a-schule.jpg' width='1500' height='430' title='a-schule' alt=''  itemprop="thumbnailUrl"   /></div></li></ul></div></div>
<div id='av_section_1'  class='avia-section main_color avia-section-default avia-no-shadow  avia-bg-style-scroll  avia-builder-el-1  el_after_av_slideshow_full  avia-builder-el-last   container_wrap fullsize' style=' '  ><div class='container' ><div class='template-page content  av-content-full alpha units'><div class='post-entry post-entry-type-page post-entry-1185'><div class='entry-content-wrapper clearfix'>
<div  style='padding-bottom:10px; ' class='av-special-heading av-special-heading-h2  blockquote modern-quote modern-centered  avia-builder-el-2  el_before_av_two_fifth  avia-builder-el-first  '><h2 class='av-special-heading-tag '  itemprop="headline"  >Grundschule Altrich</h2><div class='special-heading-border'><div class='special-heading-inner-border' ></div></div></div>
<div class="flex_column av_two_fifth  flex_column_div av-zero-column-padding first  avia-builder-el-3  el_after_av_heading  el_before_av_three_fifth  " style='border-radius:0px; '><section class="av_textblock_section "  itemscope="itemscope" itemtype="https://schema.org/CreativeWork" ><div class='avia_textblock  '   itemprop="text" ><p><img loading="lazy" decoding="async" class="alignnone size-full wp-image-1191" src="https://www.altrich.de/wp-content/uploads/2018/08/s2dlogo.jpg" alt="" width="150" height="50" /> <a href="https://www.altrich.de/wp-content/uploads/2018/08/Schule_2.jpg"><img loading="lazy" decoding="async" class="alignnone wp-image-1192 size-full" src="https://www.altrich.de/wp-content/uploads/2018/08/Schule_2.jpg" alt="" width="1000" height="750" srcset="https://www.altrich.de/wp-content/uploads/2018/08/Schule_2.jpg 1000w, https://www.altrich.de/wp-content/uploads/2018/08/Schule_2-300x225.jpg 300w, https://www.altrich.de/wp-content/uploads/2018/08/Schule_2-768x576.jpg 768w, https://www.altrich.de/wp-content/uploads/2018/08/Schule_2-705x529.jpg 705w, https://www.altrich.de/wp-content/uploads/2018/08/Schule_2-450x338.jpg 450w" sizes="auto, (max-width: 1000px) 100vw, 1000px" /></a>Klicke hier, Die Grundschule in der Gemeinde Altrich mit 4 Klassen.</p>
</div></section></div><div class="flex_column av_three_fifth  flex_column_div av-zero-column-padding   avia-builder-el-5  el_after_av_two_fifth  avia-builder-el-last  " style='border-radius:0px; '><section class="av_textblock_section "  itemscope="itemscope" itemtype="https://schema.org/CreativeWork" ><div class='avia_textblock  '   itemprop="text" ><p class="bodytext">Die Grundschule Altrich hat eine lange Geschichte, viele Menschen haben hier ihre Schullaufbahn begonnen. Heute sind wir mit ca. 50 Schülerinnen und Schülern sowie vier Lehrerinnen eine wichtige Einrichtung unseres Ortes. Wir arbeiten eng mit den Eltern unserer Schüler zusammen, haben darüber hinaus einen guten Kontakt zum nahegelegenen Kindergarten und werden von einem sehr engagierten Förderverein tatkräftig unterstützt.</p>
<p class="bodytext">Bereits vor 1780 gab es in Altrich &#8211; damals Filiale der Pfarrkirche zu Kirchhof &#8211; Schulunterricht, aber nur im Winter und unregelmäßig. Genaueres ist bekannt seit 1825, dem Beginn der offziellen Schulpflicht in Deutschland. Im Jahre 1880 erfolgte der Einzug in den Neubau neben der Altricher Kirche únd 1936 die Erweiterung auf die heutige Größe. Von 1971 bis 1981 fand in Altrich kein Unterricht statt, alle Altricher Kinder besuchten in diesen 10 Jahren die Grund- und Hauptschule in Wengerohr.  Seit 1981 verfügt Altrich wieder über eine eigene Grundschule, in der vier Klassen unterricht werden.</p>
<p class="bodytext">Wie alle rheinland-pfälzischen Schulen hat auch die Altricher Grundschule in den vergangenen Jahren ein Qualitätsprogramm erstellt. Der Schwerpunkt dieses Programmes liegt in der Leseförderung. Die Übungen zum systematischen Lesen nach Klippert sollen die Schüler anleiten, Texten selbstständig Informationen zu entnehmen. Eine Kompetenz, die die Schüler auch in den weiterführenden Schulen benötigen werden.</p>
<p class="bodytext">Ebenso wichtig ist aber auch die enge Zusammenarbeit mit der Ortsgemeinde, der Pfarrgemeinde, dem Kindergarten und den Ortsvereinen. Besonders deutlich wurde dies im Jahr 2008 durch die Aufführung des Kindermusicals &#8222;Wakatanka&#8220;, einem Kooperationsprojekt von Grundschule, Kindergarten und Musikverein.</p>
<p class="bodytext">Weitere Informationen finden Sie auf der Homepage der Grundschule Altrich* <a href="http://www.gsaltrich.de/" target="_blank" rel="noopener"><i class="fa fa-external-link " ></i></a></p>
<hr />
<h6>*Sie werden bei dem Link mit der WebSite der Grundschule Altrich verbunden. Dadurch werden Ihre IP und evtl. weitere Daten an den Betreiber der Seite übertragen. Diese können dort ausgewertet, gespeichert und weiter verwendet werden. Wenn Sie auf den Link klicken, sind Sie damit einverstanden. Wir haben auf die weitere Verwendung Ihrer persönlichen Daten bei der Zieladresse keinen Einfluss.</h6>
</div></section></div>
