{"id":1303,"date":"2018-08-20T15:41:54","date_gmt":"2018-08-20T13:41:54","guid":{"rendered":"http:\/\/staging.altrich.de\/?page_id=1303"},"modified":"2024-12-04T16:29:23","modified_gmt":"2024-12-04T15:29:23","slug":"satzungen-2","status":"publish","type":"page","link":"https:\/\/www.altrich.de\/index.php\/satzungen-2\/","title":{"rendered":"Satzungen"},"content":{"rendered":"<div id='full_slider_1'  class='avia-fullwidth-slider main_color avia-shadow   avia-builder-el-0  el_before_av_section  avia-builder-el-first   container_wrap fullsize' style=' '  ><div   data-size='no scaling'  data-lightbox_size='large'  data-animation='slide'  data-conditional_play=''  data-ids='1170'  data-video_counter='0'  data-autoplay='false'  data-bg_slider='false'  data-slide_height=''  data-handle='av_slideshow_full'  data-interval='5'  data-class=' '  data-el_id=''  data-css_id=''  data-scroll_down=''  data-control_layout='av-control-default'  data-custom_markup=''  data-perma_caption=''  data-autoplay_stopper=''  data-image_attachment=''  data-min_height='0px'  data-src=''  data-position='top left'  data-repeat='no-repeat'  data-attach='scroll'  data-stretch=''  class='avia-slideshow avia-slideshow-1  av-control-default av-default-height-applied avia-slideshow-no scaling av_slideshow_full   avia-slide-slider '  itemprop=\"image\" itemscope=\"itemscope\" itemtype=\"https:\/\/schema.org\/ImageObject\" ><ul class='avia-slideshow-inner ' style='padding-bottom: 28.666666666667%;' ><li  class=' av-single-slide slide-1 ' ><div data-rel='slideshow-1' class='avia-slide-wrap '   ><img src='https:\/\/www.altrich.de\/wp-content\/uploads\/2018\/08\/a-kirche-sommer.jpg' width='1500' height='430' title='a-kirche-sommer' alt=''  itemprop=\"thumbnailUrl\"   \/><\/div><\/li><\/ul><\/div><\/div>\n<div id='av_section_1'  class='avia-section main_color avia-section-default avia-no-border-styling  avia-bg-style-scroll  avia-builder-el-1  el_after_av_slideshow_full  avia-builder-el-last   container_wrap fullsize' style=' '  ><div class='container' ><div class='template-page content  av-content-full alpha units'><div class='post-entry post-entry-type-page post-entry-1303'><div class='entry-content-wrapper clearfix'>\n<div  style='padding-bottom:36px; ' class='av-special-heading av-special-heading-h2  blockquote modern-quote modern-centered  avia-builder-el-2  el_before_av_one_third  avia-builder-el-first  '><h2 class='av-special-heading-tag '  itemprop=\"headline\"  >Satzungen der Ortsgemeinde Altrich<\/h2><div class='special-heading-border'><div class='special-heading-inner-border' ><\/div><\/div><\/div>\n<div class=\"flex_column av_one_third  flex_column_div av-zero-column-padding first  avia-builder-el-3  el_after_av_heading  el_before_av_two_third  \" style='border-radius:0px; '><section class=\"av_textblock_section \"  itemscope=\"itemscope\" itemtype=\"https:\/\/schema.org\/CreativeWork\" ><div class='avia_textblock  '   itemprop=\"text\" ><\/div><\/section><\/div><div class=\"flex_column av_two_third  flex_column_div av-zero-column-padding   avia-builder-el-5  el_after_av_one_third  el_before_av_hr  \" style='border-radius:0px; '><section class=\"av_textblock_section \"  itemscope=\"itemscope\" itemtype=\"https:\/\/schema.org\/CreativeWork\" ><div class='avia_textblock  '   itemprop=\"text\" ><p class=\"bodytext\">Nachfolgend stehen\u00a0f\u00fcr Sie die Satzungen der Ortsgemeinde als pdf zum Download bereit.<\/p>\n<p class=\"bodytext\">Zum Lesen der pdf&#8217;s ben\u00f6tigen Sie den Adobe Acrobat Reader, den Sie <a href=\"https:\/\/www.adobe.de\/products\/acrobat\/readstep.html\" target=\"_blank\" rel=\"noopener\">hier<\/a> kostenlos downloaden k\u00f6nnen.<\/p>\n<p class=\"bodytext\"><a href=\"https:\/\/www.altrich.de\/wp-content\/uploads\/2024\/12\/Friedhofsgebuehrensatzung-November-2024.pdf\">Friedhofgebu\u0308hrensatzung der Ortsgemeinde Altrich 2024 <i class=\"fa fa-download \" ><\/i><\/a><\/p>\n<p class=\"bodytext\"><a href=\"https:\/\/www.altrich.de\/wp-content\/uploads\/2024\/12\/Friedhofsatzung-Altrich-November-2024.pdf\">Friedhofsatzung der Ortsgemeinde Altrich 2024<i class=\"fa fa-download \" ><\/i><\/a><\/p>\n<p class=\"bodytext\"><a href=\"https:\/\/www.altrich.de\/wp-content\/uploads\/2023\/09\/Hauptsatzung-ab-2019.pdf\">Hauptsatzung ab 2019 <i class=\"fa fa-download \" ><\/i><\/a><\/p>\n<p><a href=\"https:\/\/www.altrich.de\/wp-content\/uploads\/2023\/09\/Satzung-Erhebung-wiederkehrende-Beitra\u0308ge-Ausbau-Verkehrsanlagen-vom-08.12.2022.pdf\">Satzung Erhebung wiederkehrende Beitra\u0308ge Ausbau Verkehrsanlagen vom 08.12.2022 <i class=\"fa fa-download \" ><\/i><\/a><\/p>\n<div class=\"indent\">\n<div class=\"indent\">\n<div class=\"indent\">\n<div class=\"indent\">\n<p class=\"bodytext\"><a class=\"download\" title=\"Leitet Herunterladen der Datei ein\" href=\"https:\/\/www.altrich.de\/wp-content\/uploads\/2018\/09\/Hundesteuersatzung_vom_26.10.2001.pdf\" target=\"_blank\" rel=\"noopener\">Hundesteuersatzung vom 26.10.2001 <\/a><a href=\"https:\/\/www.altrich.de\/wp-content\/uploads\/2018\/09\/Hundesteuersatzung_vom_26.10.2001.pdf\"><i class=\"fa fa-download \" ><\/i><\/a><\/p>\n<\/div>\n<p><a class=\"download\" title=\"Leitet Herunterladen der Datei ein\" href=\"https:\/\/www.altrich.de\/wp-content\/uploads\/2020\/02\/Kitasatzung-2019.pdf\" target=\"_blank\" rel=\"noopener\">Kindergartensatzung vom 13.05.2019 <i class=\"fa fa-download \" ><\/i><\/a><\/p>\n<div class=\"indent\">\n<p class=\"bodytext\"><a href=\"https:\/\/www.altrich.de\/wp-content\/uploads\/2023\/09\/Benutzungsordnung-Mehrzweckbereich-AltreiaHalle-ab-01.01.2020.pdf\">Satzung Erhebung Geb\u00fchren Benutzung des MZB Altreiahalle vom 01.01.2020 <i class=\"fa fa-download \" ><\/i><\/a><\/p>\n<p class=\"bodytext\"><a class=\"download\" title=\"Leitet Herunterladen der Datei ein\" href=\"https:\/\/www.altrich.de\/wp-content\/uploads\/2018\/09\/Satzung_Reinigung_oeffentlicher_Strassen_vom_12.06.1995.pdf\" target=\"_blank\" rel=\"noopener\">Satzung Reinigung \u00f6ffentlicher Stra\u00dfen vom 12.06.1995\u00a0<i class=\"fa fa-download \" ><\/i><\/a><\/p>\n<p class=\"bodytext\"><a class=\"download\" title=\"Leitet Herunterladen der Datei ein\" href=\"https:\/\/www.altrich.de\/wp-content\/uploads\/2018\/09\/Satzung_ueber_die_Reinigung_oeffentlicher_Strassen_vom_15_03_2011.pdf\" target=\"_blank\" rel=\"noopener\">Satzung zur \u00c4nderung der Satzung \u00fcber die Reinigung \u00f6ffentl. Stra\u00dfen vom 15.03.2011\u00a0<i class=\"fa fa-download \" ><\/i><\/a><\/p>\n<p class=\"bodytext\"><a href=\"https:\/\/www.altrich.de\/wp-content\/uploads\/2023\/09\/Benutzungsordnung-Mehrzweckbereich-AltreiaHalle-ab-01.01.2020-1.pdf\">Benutzungsordnung Mehrzweckbereich <i class=\"fa fa-download \" ><\/i><\/a><\/p>\n<\/div>\n<\/div>\n<\/div>\n<\/div>\n<\/div><\/section><\/div><div  style=' margin-top:; margin-bottom:10px;'  class='hr hr-custom hr-center hr-icon-no   avia-builder-el-7  el_after_av_two_third  avia-builder-el-last '><span class='hr-inner   inner-border-av-border-none' style=' width:50px;' ><span class='hr-inner-style'><\/span><\/span><\/div>\n\n","protected":false},"excerpt":{"rendered":"","protected":false},"author":1,"featured_media":0,"parent":0,"menu_order":0,"comment_status":"closed","ping_status":"closed","template":"","meta":{"footnotes":""},"class_list":["post-1303","page","type-page","status-publish","hentry"],"_links":{"self":[{"href":"https:\/\/www.altrich.de\/index.php\/wp-json\/wp\/v2\/pages\/1303","targetHints":{"allow":["GET"]}}],"collection":[{"href":"https:\/\/www.altrich.de\/index.php\/wp-json\/wp\/v2\/pages"}],"about":[{"href":"https:\/\/www.altrich.de\/index.php\/wp-json\/wp\/v2\/types\/page"}],"author":[{"embeddable":true,"href":"https:\/\/www.altrich.de\/index.php\/wp-json\/wp\/v2\/users\/1"}],"replies":[{"embeddable":true,"href":"https:\/\/www.altrich.de\/index.php\/wp-json\/wp\/v2\/comments?post=1303"}],"version-history":[{"count":17,"href":"https:\/\/www.altrich.de\/index.php\/wp-json\/wp\/v2\/pages\/1303\/revisions"}],"predecessor-version":[{"id":2892,"href":"https:\/\/www.altrich.de\/index.php\/wp-json\/wp\/v2\/pages\/1303\/revisions\/2892"}],"wp:attachment":[{"href":"https:\/\/www.altrich.de\/index.php\/wp-json\/wp\/v2\/media?parent=1303"}],"curies":[{"name":"wp","href":"https:\/\/api.w.org\/{rel}","templated":true}]}}