{"id":1305,"date":"2018-08-20T15:46:58","date_gmt":"2018-08-20T13:46:58","guid":{"rendered":"http:\/\/staging.altrich.de\/?page_id=1305"},"modified":"2025-03-05T12:30:31","modified_gmt":"2025-03-05T11:30:31","slug":"postkarten","status":"publish","type":"page","link":"https:\/\/www.altrich.de\/index.php\/postkarten\/","title":{"rendered":"Postkarten"},"content":{"rendered":"<div id='full_slider_1'  class='avia-fullwidth-slider main_color avia-shadow   avia-builder-el-0  el_before_av_section  avia-builder-el-first   container_wrap fullsize' style=' '  ><div   data-size='no scaling'  data-lightbox_size='large'  data-animation='slide'  data-conditional_play=''  data-ids='1170'  data-video_counter='0'  data-autoplay='false'  data-bg_slider='false'  data-slide_height=''  data-handle='av_slideshow_full'  data-interval='5'  data-class=' '  data-el_id=''  data-css_id=''  data-scroll_down=''  data-control_layout='av-control-default'  data-custom_markup=''  data-perma_caption=''  data-autoplay_stopper=''  data-image_attachment=''  data-min_height='0px'  data-src=''  data-position='top left'  data-repeat='no-repeat'  data-attach='scroll'  data-stretch=''  class='avia-slideshow avia-slideshow-1  av-control-default av-default-height-applied avia-slideshow-no scaling av_slideshow_full   avia-slide-slider '  itemprop=\"image\" itemscope=\"itemscope\" itemtype=\"https:\/\/schema.org\/ImageObject\" ><ul class='avia-slideshow-inner ' style='padding-bottom: 28.666666666667%;' ><li  class=' av-single-slide slide-1 ' ><div data-rel='slideshow-1' class='avia-slide-wrap '   ><img src='https:\/\/www.altrich.de\/wp-content\/uploads\/2018\/08\/a-kirche-sommer.jpg' width='1500' height='430' title='a-kirche-sommer' alt=''  itemprop=\"thumbnailUrl\"   \/><\/div><\/li><\/ul><\/div><\/div>\n<div id='av_section_1'  class='avia-section main_color avia-section-default avia-no-border-styling  avia-bg-style-scroll  avia-builder-el-1  el_after_av_slideshow_full  avia-builder-el-last   container_wrap fullsize' style=' '  ><div class='container' ><div class='template-page content  av-content-full alpha units'><div class='post-entry post-entry-type-page post-entry-1305'><div class='entry-content-wrapper clearfix'>\n<div  style='padding-bottom:36px; ' class='av-special-heading av-special-heading-h2  blockquote modern-quote modern-centered  avia-builder-el-2  el_before_av_one_third  avia-builder-el-first  '><h2 class='av-special-heading-tag '  itemprop=\"headline\"  >Altrich Postkarten und Aufkleber<\/h2><div class='special-heading-border'><div class='special-heading-inner-border' ><\/div><\/div><\/div>\n<div class=\"flex_column av_one_third  flex_column_div av-zero-column-padding first  avia-builder-el-3  el_after_av_heading  el_before_av_two_third  \" style='border-radius:0px; '><div id='av-masonry-1' class='av-masonry  noHover av-fixed-size av-large-gap av-hover-overlay-active av-masonry-animation-active av-masonry-col-2 av-caption-always av-caption-style- av-masonry-gallery     '  ><div class='av-masonry-container isotope av-js-disabled ' ><div class='av-masonry-entry isotope-item av-masonry-item-no-image '><\/div><a href=\"https:\/\/www.altrich.de\/wp-content\/uploads\/2018\/08\/Postkarten_Altrich_low_quality-3.jpg\" id='av-masonry-1-item-1310' data-av-masonry-item='1310' class='av-masonry-entry isotope-item post-1310 attachment type-attachment status-inherit hentry  av-masonry-item-with-image' title=\"Postkarten_Altrich_low_quality-3\"  itemprop=\"thumbnailUrl\" ><div class='av-inner-masonry-sizer'><\/div><figure class='av-inner-masonry main_color'><div class=\"av-masonry-outerimage-container\"><div class=\"av-masonry-image-container\" style=\"background-image: url(https:\/\/www.altrich.de\/wp-content\/uploads\/2018\/08\/Postkarten_Altrich_low_quality-3.jpg);\" title=\"Postkarten_Altrich_low_quality-3\" ><\/div><\/div><\/figure><\/a><!--end av-masonry entry--><a href=\"https:\/\/www.altrich.de\/wp-content\/uploads\/2018\/08\/Postkarten_Altrich_low_quality-2.jpg\" id='av-masonry-1-item-1309' data-av-masonry-item='1309' class='av-masonry-entry isotope-item post-1309 attachment type-attachment status-inherit hentry  av-masonry-item-with-image' title=\"Postkarten_Altrich_low_quality-2\"  itemprop=\"thumbnailUrl\" ><div class='av-inner-masonry-sizer'><\/div><figure class='av-inner-masonry main_color'><div class=\"av-masonry-outerimage-container\"><div class=\"av-masonry-image-container\" style=\"background-image: url(https:\/\/www.altrich.de\/wp-content\/uploads\/2018\/08\/Postkarten_Altrich_low_quality-2.jpg);\" title=\"Postkarten_Altrich_low_quality-2\" ><\/div><\/div><\/figure><\/a><!--end av-masonry entry--><a href=\"https:\/\/www.altrich.de\/wp-content\/uploads\/2018\/08\/Postkarten_Altrich_low_quality-1.jpg\" id='av-masonry-1-item-1308' data-av-masonry-item='1308' class='av-masonry-entry isotope-item post-1308 attachment type-attachment status-inherit hentry  av-masonry-item-with-image' title=\"Postkarten_Altrich_low_quality-1\"  itemprop=\"thumbnailUrl\" ><div class='av-inner-masonry-sizer'><\/div><figure class='av-inner-masonry main_color'><div class=\"av-masonry-outerimage-container\"><div class=\"av-masonry-image-container\" style=\"background-image: url(https:\/\/www.altrich.de\/wp-content\/uploads\/2018\/08\/Postkarten_Altrich_low_quality-1.jpg);\" title=\"Postkarten_Altrich_low_quality-1\" ><\/div><\/div><\/figure><\/a><!--end av-masonry entry--><a href=\"https:\/\/www.altrich.de\/wp-content\/uploads\/2018\/08\/Postkarten_Altrich_low_quality-4.jpg\" id='av-masonry-1-item-1307' data-av-masonry-item='1307' class='av-masonry-entry isotope-item post-1307 attachment type-attachment status-inherit hentry  av-masonry-item-with-image' title=\"Postkarten_Altrich_low_quality-4\"  itemprop=\"thumbnailUrl\" ><div class='av-inner-masonry-sizer'><\/div><figure class='av-inner-masonry main_color'><div class=\"av-masonry-outerimage-container\"><div class=\"av-masonry-image-container\" style=\"background-image: url(https:\/\/www.altrich.de\/wp-content\/uploads\/2018\/08\/Postkarten_Altrich_low_quality-4.jpg);\" title=\"Postkarten_Altrich_low_quality-4\" ><\/div><\/div><\/figure><\/a><!--end av-masonry entry--><a href=\"https:\/\/www.altrich.de\/wp-content\/uploads\/2018\/08\/Postkarten_Altrich_low_quality-5.jpg\" id='av-masonry-1-item-1306' data-av-masonry-item='1306' class='av-masonry-entry isotope-item post-1306 attachment type-attachment status-inherit hentry  av-masonry-item-with-image' title=\"Postkarten_Altrich_low_quality-5\"  itemprop=\"thumbnailUrl\" ><div class='av-inner-masonry-sizer'><\/div><figure class='av-inner-masonry main_color'><div class=\"av-masonry-outerimage-container\"><div class=\"av-masonry-image-container\" style=\"background-image: url(https:\/\/www.altrich.de\/wp-content\/uploads\/2018\/08\/Postkarten_Altrich_low_quality-5.jpg);\" title=\"Postkarten_Altrich_low_quality-5\" ><\/div><\/div><\/figure><\/a><!--end av-masonry entry--><\/div><\/div><\/div><div class=\"flex_column av_two_third  flex_column_div av-zero-column-padding   avia-builder-el-5  el_after_av_one_third  el_before_av_hr  \" style='border-radius:0px; '><section class=\"av_textblock_section \"  itemscope=\"itemscope\" itemtype=\"https:\/\/schema.org\/CreativeWork\" ><div class='avia_textblock  '   itemprop=\"text\" ><div id=\"c135\" class=\"csc-default\">\n<p class=\"bodytext\">Michael Stoffel aus Altrich hat unter dem Motto <b>&#8222;Zu Hause ist es immer noch am Sch\u00f6nsten&#8220;<\/b>\u00a0 f\u00fcnf verschiedene Postkarten gestaltet, die er\u00a0zum Verkauf anbietet.\u00a0Sollten Sie Ihren Urlaub dieses Jahr zu Hause verbringen oder nette Gr\u00fc\u00dfe aus Altrich \u00fcbersenden wollen, nutzen Sie die Gelegenheit und verschicken eine Postkarte aus dem sch\u00f6nen Altrich.<\/p>\n<p class=\"bodytext\">Zu erwerben sind die Postkarten \u00fcber den <a class=\"internal-link\" title=\"\u00d6ffnet internen Link im aktuellen Fenster\" href=\"mailto:info@altrich.de\">Kontakt<\/a> der Gemeindeverwaltung.<\/p>\n<\/div>\n<div id=\"c137\" class=\"csc-default\">\n<div class=\"csc-header csc-header-n2\">\n<hr \/>\n<h3>Aufkleber<\/h3>\n<\/div>\n<div class=\"csc-textpic-text\">\n<p class=\"bodytext\">Aufkleber (z.B. f\u00fcrs Auto) \u00a0in der Gr\u00f6\u00dfe 8 x 10 cm mit Wappen und Aufschrift der Ortsgemeinde k\u00f6nnen Sie zum Selbstkostenpreis von 1,\u2013 Euro erwerben. Interessenten k\u00f6nnen sich gerne bei der Ortsb\u00fcrgermeisterin melden.<\/p>\n<\/div>\n<\/div>\n<\/div><\/section><\/div><div  style=' margin-top:; margin-bottom:10px;'  class='hr hr-custom hr-center hr-icon-no   avia-builder-el-7  el_after_av_two_third  avia-builder-el-last '><span class='hr-inner   inner-border-av-border-none' style=' width:50px;' ><span class='hr-inner-style'><\/span><\/span><\/div>\n\n","protected":false},"excerpt":{"rendered":"","protected":false},"author":1,"featured_media":0,"parent":0,"menu_order":0,"comment_status":"closed","ping_status":"closed","template":"","meta":{"footnotes":""},"class_list":["post-1305","page","type-page","status-publish","hentry"],"_links":{"self":[{"href":"https:\/\/www.altrich.de\/index.php\/wp-json\/wp\/v2\/pages\/1305","targetHints":{"allow":["GET"]}}],"collection":[{"href":"https:\/\/www.altrich.de\/index.php\/wp-json\/wp\/v2\/pages"}],"about":[{"href":"https:\/\/www.altrich.de\/index.php\/wp-json\/wp\/v2\/types\/page"}],"author":[{"embeddable":true,"href":"https:\/\/www.altrich.de\/index.php\/wp-json\/wp\/v2\/users\/1"}],"replies":[{"embeddable":true,"href":"https:\/\/www.altrich.de\/index.php\/wp-json\/wp\/v2\/comments?post=1305"}],"version-history":[{"count":7,"href":"https:\/\/www.altrich.de\/index.php\/wp-json\/wp\/v2\/pages\/1305\/revisions"}],"predecessor-version":[{"id":2895,"href":"https:\/\/www.altrich.de\/index.php\/wp-json\/wp\/v2\/pages\/1305\/revisions\/2895"}],"wp:attachment":[{"href":"https:\/\/www.altrich.de\/index.php\/wp-json\/wp\/v2\/media?parent=1305"}],"curies":[{"name":"wp","href":"https:\/\/api.w.org\/{rel}","templated":true}]}}