{"id":218,"date":"2015-07-14T14:50:10","date_gmt":"2015-07-14T14:50:10","guid":{"rendered":"http:\/\/test.kriesi.at\/minimal-portfolio\/?page_id=9"},"modified":"2025-07-08T10:24:59","modified_gmt":"2025-07-08T08:24:59","slug":"home","status":"publish","type":"page","link":"https:\/\/www.altrich.de\/","title":{"rendered":"Home"},"content":{"rendered":"<div id='full_slider_1'  class='avia-fullwidth-slider main_color avia-shadow   avia-builder-el-0  el_before_av_section  avia-builder-el-first   container_wrap fullsize' style=' '  ><div   data-size='no scaling'  data-lightbox_size='large'  data-animation='fade'  data-conditional_play=''  data-ids='1851'  data-video_counter='0'  data-autoplay='true'  data-bg_slider='false'  data-slide_height=''  data-handle='av_slideshow_full'  data-interval='5'  data-class=' '  data-el_id=''  data-css_id=''  data-scroll_down=''  data-control_layout='av-control-hidden'  data-custom_markup=''  data-perma_caption=''  data-autoplay_stopper=''  data-image_attachment=''  data-min_height='0px'  data-src=''  data-position='top left'  data-repeat='no-repeat'  data-attach='scroll'  data-stretch=''  class='avia-slideshow avia-slideshow-1  av-control-hidden av-default-height-applied avia-slideshow-no scaling av_slideshow_full   avia-fade-slider '  itemprop=\"image\" itemscope=\"itemscope\" itemtype=\"https:\/\/schema.org\/ImageObject\" ><ul class='avia-slideshow-inner ' style='padding-bottom: 33.333333333333%;' ><li  class=' av-single-slide slide-1 ' ><div data-rel='slideshow-1' class='avia-slide-wrap '   ><img src='https:\/\/www.altrich.de\/wp-content\/uploads\/2018\/09\/altrich_summer-12.jpg' width='1500' height='500' title='altrich_summer-12' alt=''  itemprop=\"thumbnailUrl\"   \/><\/div><\/li><\/ul><\/div><\/div>\n<div id='av_section_1'  class='avia-section main_color avia-section-default avia-no-border-styling  avia-bg-style-scroll  avia-builder-el-1  el_after_av_slideshow_full  el_before_av_section   container_wrap fullsize' style='background-color: #f2efe8;  '  ><div class='container' ><div class='template-page content  av-content-full alpha units'><div class='post-entry post-entry-type-page post-entry-218'><div class='entry-content-wrapper clearfix'>\n<div class=\"flex_column av_one_full  av-animated-generic bottom-to-top  flex_column_div av-zero-column-padding first  avia-builder-el-2  el_before_av_one_full  avia-builder-el-first  \" style='border-radius:0px; '><div  style='padding-bottom:10px; color:#000000;font-size:30px;' class='av-special-heading av-special-heading-h1 custom-color-heading blockquote modern-quote modern-centered  avia-builder-el-3  avia-builder-el-no-sibling  av-inherit-size '><h1 class='av-special-heading-tag '  itemprop=\"headline\"  >Herzlich Willkommen in Altrich!<\/h1><div class='special-heading-border'><div class='special-heading-inner-border' style='border-color:#000000'><\/div><\/div><\/div><\/div><div class=\"flex_column av_one_full  av-animated-generic bottom-to-top  flex_column_div av-zero-column-padding first  avia-builder-el-4  el_after_av_one_full  el_before_av_one_half  column-top-margin\" style='border-radius:0px; '><section class=\"av_textblock_section \"  itemscope=\"itemscope\" itemtype=\"https:\/\/schema.org\/CreativeWork\" ><div class='avia_textblock  '   itemprop=\"text\" ><p><span style=\"font-size: 14pt;\">Als Ortsb\u00fcrgermeisterin der Gemeinde Altrich begr\u00fc\u00dfe ich alle\u00a0ganz herzlich, die sich \u00fcber diese Internetseiten f\u00fcr unseren sch\u00f6nen Ort interessieren und bin sicher, dass Sie viele Informationen finden werden.<\/span><\/p>\n<\/div><\/section><\/div><div class=\"flex_column av_one_half  av-animated-generic bottom-to-top  flex_column_div av-zero-column-padding first  avia-builder-el-6  el_after_av_one_full  el_before_av_one_half  column-top-margin\" style='border-radius:0px; '><section class=\"av_textblock_section \"  itemscope=\"itemscope\" itemtype=\"https:\/\/schema.org\/CreativeWork\" ><div class='avia_textblock  '   itemprop=\"text\" ><div id=\"c44\" class=\"csc-default\" style=\"text-align: justify;\">\n<div class=\"csc-textpic csc-textpic-intext-left\">\n<div class=\"csc-textpic-text\" style=\"text-align: left;\">Altrich befindet sich in einer landschaftlich sch\u00f6nen Lage zwischen Mosel und Eifel mit ausgezeichneter Verkehrsanbindung und ist ein idealer Wohnort. Das sehr aktive Vereinsleben garantiert eine\u00a0besonders gute Dorfgemeinschaft und bietet auch Zugezogenen eine ideale Basis, sich in die Dorfgemeinschaft zu integrieren.<\/div>\n<\/div>\n<\/div>\n<\/div><\/section><\/div><div class=\"flex_column av_one_half  av-animated-generic bottom-to-top  flex_column_div av-zero-column-padding   avia-builder-el-8  el_after_av_one_half  avia-builder-el-last  column-top-margin\" style='border-radius:0px; '><section class=\"av_textblock_section \"  itemscope=\"itemscope\" itemtype=\"https:\/\/schema.org\/CreativeWork\" ><div class='avia_textblock  '   itemprop=\"text\" ><div id=\"c44\" class=\"csc-default\" style=\"text-align: justify;\">\n<div class=\"csc-textpic csc-textpic-intext-left\">\n<div class=\"csc-textpic-text\" style=\"text-align: left;\">Informieren Sie sich \u00fcber die Gemeinde Altrich, das <a class=\"internal-link\" title=\"\u00d6ffnet internen Link im aktuellen Fenster\" href=\"https:\/\/www.altrich.de\/?page_id=1116\">Baugebiet<\/a>, die <a class=\"internal-link\" title=\"\u00d6ffnet internen Link im aktuellen Fenster\" href=\"https:\/\/www.altrich.de\/?page_id=754\" target=\"_blank\" rel=\"noopener\">Vereine<\/a>, die <a class=\"internal-link\" title=\"\u00d6ffnet internen Link im aktuellen Fenster\" href=\"https:\/\/www.altrich.de\/?page_id=1197\" target=\"_blank\" rel=\"noopener\">Kindertagesst\u00e4tte<\/a>, die <a class=\"internal-link\" title=\"\u00d6ffnet internen Link im aktuellen Fenster\" href=\"https:\/\/www.altrich.de\/?page_id=1185\" target=\"_blank\" rel=\"noopener\">Grundschule<\/a> und vieles mehr.<\/div>\n<div class=\"csc-textpic-text\" style=\"text-align: left;\">Gerne stehe auch ich Ihnen f\u00fcr\u00a0Ihre Fragen oder Anliegen zur Verf\u00fcgung. Nutzen Sie hierzu bitte das\u00a0<a class=\"internal-link\" title=\"\u00d6ffnet internen Link im aktuellen Fenster\" href=\"https:\/\/www.altrich.de\/?page_id=440\">Kontaktformular<\/a>. Informationen zur Sprechstunde finden Sie <a class=\"internal-link\" title=\"\u00d6ffnet internen Link im aktuellen Fenster\" href=\"https:\/\/www.altrich.de\/?page_id=390\" target=\"_blank\" rel=\"noopener\">hier<\/a>.<\/div>\n<p style=\"text-align: left;\"><b><i>Ihre Sylvia Stoffel-Leuchter<br \/>\n<\/i><\/b><\/p>\n<\/div>\n<\/div>\n<\/div><\/section><\/div>\n\n<\/div><\/div><\/div><!-- close content main div --><\/div><\/div><div id='av_section_2'  class='avia-section main_color avia-section-default avia-no-border-styling  avia-bg-style-scroll  avia-builder-el-10  el_after_av_section  el_before_av_section   container_wrap fullsize' style=' '  ><div class='container' ><div class='template-page content  av-content-full alpha units'><div class='post-entry post-entry-type-page post-entry-218'><div class='entry-content-wrapper clearfix'>\n<div class=\"flex_column av_one_fifth  av-animated-generic bottom-to-top  flex_column_div av-zero-column-padding first  avia-builder-el-11  el_before_av_two_fifth  avia-builder-el-first  \" style='border-radius:0px; '><\/div><div class=\"flex_column av_two_fifth  av-animated-generic bottom-to-top  flex_column_div av-zero-column-padding   avia-builder-el-12  el_after_av_one_fifth  el_before_av_one_fifth  \" style='border-radius:0px; '><section class=\"av_textblock_section \"  itemscope=\"itemscope\" itemtype=\"https:\/\/schema.org\/CreativeWork\" ><div class='avia_textblock  '   itemprop=\"text\" ><div id=\"c44\" class=\"csc-default\" style=\"text-align: justify;\">\n<h1 class=\"_9vd5 _9t2_\" style=\"text-align: left;\">Neues f\u00fcr Altrich, B\u00fcscheid und die H\u00f6fe.<\/h1>\n<h3 class=\"_9vd5 _9t2_\" style=\"text-align: left;\">Offizieller Informationskanal der Ortsgemeinde Altrich.<\/h3>\n<\/div>\n<\/div><\/section><br \/>\n<div  class='avia-button-wrap avia-button-center  avia-builder-el-14  el_after_av_textblock  avia-builder-el-last ' ><a href='https:\/\/whatsapp.com\/channel\/0029Vag9diu5q08ichKCPt1v' class='avia-button   avia-icon_select-yes-right-icon avia-color-theme-color avia-size-small avia-position-center ' target=\"_blank\" rel=\"noopener\"><span class='avia_iconbox_title' >Zum WhatsApp-Kanal <\/span><span class='avia_button_icon avia_button_icon_right' aria-hidden='true' data-av_icon='\ue8a7' data-av_iconfont='entypo-fontello'><\/span><\/a><\/div><\/p><\/div><div class=\"flex_column av_one_fifth  av-animated-generic bottom-to-top  flex_column_div av-zero-column-padding   avia-builder-el-15  el_after_av_two_fifth  el_before_av_one_fifth  \" style='border-radius:0px; '><section class=\"av_textblock_section \"  itemscope=\"itemscope\" itemtype=\"https:\/\/schema.org\/CreativeWork\" ><div class='avia_textblock  '   itemprop=\"text\" ><p><img loading=\"lazy\" decoding=\"async\" class=\"alignnone size-full wp-image-2798\" src=\"https:\/\/www.altrich.de\/wp-content\/uploads\/2024\/06\/qr-code-WhatsApp-Kanal-Altrich.png\" alt=\"\" width=\"500\" height=\"498\" srcset=\"https:\/\/www.altrich.de\/wp-content\/uploads\/2024\/06\/qr-code-WhatsApp-Kanal-Altrich.png 500w, https:\/\/www.altrich.de\/wp-content\/uploads\/2024\/06\/qr-code-WhatsApp-Kanal-Altrich-300x300.png 300w, https:\/\/www.altrich.de\/wp-content\/uploads\/2024\/06\/qr-code-WhatsApp-Kanal-Altrich-80x80.png 80w, https:\/\/www.altrich.de\/wp-content\/uploads\/2024\/06\/qr-code-WhatsApp-Kanal-Altrich-36x36.png 36w, https:\/\/www.altrich.de\/wp-content\/uploads\/2024\/06\/qr-code-WhatsApp-Kanal-Altrich-180x180.png 180w\" sizes=\"auto, (max-width: 500px) 100vw, 500px\" \/><\/p>\n<\/div><\/section><\/div><div class=\"flex_column av_one_fifth  av-animated-generic bottom-to-top  flex_column_div av-zero-column-padding   avia-builder-el-17  el_after_av_one_fifth  avia-builder-el-last  \" style='border-radius:0px; '><\/div><\/div><\/div><\/div><!-- close content main div --><\/div><\/div><div id='av_section_3'  class='avia-section main_color avia-section-default avia-no-border-styling  avia-bg-style-scroll  avia-builder-el-18  el_after_av_section  avia-builder-el-last   container_wrap fullsize' style='background-color: #bcbcbc;  '  ><div class='container' ><div class='template-page content  av-content-full alpha units'><div class='post-entry post-entry-type-page post-entry-218'><div class='entry-content-wrapper clearfix'>\n<div class=\"flex_column av_one_third  flex_column_div first  avia-builder-el-19  el_before_av_one_third  avia-builder-el-first  \" style='padding:20px; background-color:#ffffff; border-radius:0px; '><p><div  style='padding-bottom:10px; ' class='av-special-heading av-special-heading-h3  blockquote modern-quote  avia-builder-el-20  el_before_av_image  avia-builder-el-first  '><h3 class='av-special-heading-tag '  itemprop=\"headline\"  >Generationenhaus Altreia<\/h3><div class='special-heading-border'><div class='special-heading-inner-border' ><\/div><\/div><\/div><br \/>\n<div  class='avia-image-container  av-styling- av-hover-grow   avia-builder-el-21  el_after_av_heading  avia-builder-el-last  avia-align-center '  itemprop=\"image\" itemscope=\"itemscope\" itemtype=\"https:\/\/schema.org\/ImageObject\"  ><div class='avia-image-container-inner'><div class='avia-image-overlay-wrap'><a href='https:\/\/www.altrich.de\/?page_id=390' class='avia_image'  ><img class='avia_image ' src='https:\/\/www.altrich.de\/wp-content\/uploads\/2018\/11\/start_altreia.jpg' alt='' title='start_altreia'  itemprop=\"thumbnailUrl\"  \/><\/a><\/div><\/div><\/div><\/p><\/div><div class=\"flex_column av_one_third  flex_column_div   avia-builder-el-22  el_after_av_one_third  el_before_av_one_third  \" style='padding:20px; background-color:#ffffff; border-radius:0px; '><p><div  style='padding-bottom:10px; ' class='av-special-heading av-special-heading-h3  blockquote modern-quote  avia-builder-el-23  el_before_av_image  avia-builder-el-first  '><h3 class='av-special-heading-tag '  itemprop=\"headline\"  >Veranstaltungskalender<\/h3><div class='special-heading-border'><div class='special-heading-inner-border' ><\/div><\/div><\/div><br \/>\n<div  class='avia-image-container  av-styling- av-hover-grow   avia-builder-el-24  el_after_av_heading  avia-builder-el-last  avia-align-center '  itemprop=\"image\" itemscope=\"itemscope\" itemtype=\"https:\/\/schema.org\/ImageObject\"  ><div class='avia-image-container-inner'><div class='avia-image-overlay-wrap'><a href='https:\/\/www.altrich.de\/?page_id=1130' class='avia_image'  ><img class='avia_image ' src='https:\/\/www.altrich.de\/wp-content\/uploads\/2018\/11\/start_veranstaltung.jpg' alt='' title='start_veranstaltung'  itemprop=\"thumbnailUrl\"  \/><\/a><\/div><\/div><\/div><\/p><\/div><div class=\"flex_column av_one_third  flex_column_div   avia-builder-el-25  el_after_av_one_third  avia-builder-el-last  \" style='padding:20px; background-color:#ffffff; border-radius:0px; '><p><div  style='padding-bottom:10px; ' class='av-special-heading av-special-heading-h3  blockquote modern-quote  avia-builder-el-26  el_before_av_image  avia-builder-el-first  '><h3 class='av-special-heading-tag '  itemprop=\"headline\"  >KiTa Kindertagesst\u00e4tte<\/h3><div class='special-heading-border'><div class='special-heading-inner-border' ><\/div><\/div><\/div><br \/>\n<div  class='avia-image-container  av-styling- av-hover-grow   avia-builder-el-27  el_after_av_heading  avia-builder-el-last  avia-align-center '  itemprop=\"image\" itemscope=\"itemscope\" itemtype=\"https:\/\/schema.org\/ImageObject\"  ><div class='avia-image-container-inner'><div class='avia-image-overlay-wrap'><a href='https:\/\/www.altrich.de\/?page_id=1197' class='avia_image'  ><img class='avia_image ' src='https:\/\/www.altrich.de\/wp-content\/uploads\/2018\/11\/start_kita.jpg' alt='' title='start_kita'  itemprop=\"thumbnailUrl\"  \/><\/a><\/div><\/div><\/div><\/p><\/div>\n\n","protected":false},"excerpt":{"rendered":"<p>Altrich liegt sich in einer landschaftlich sch\u00f6nen Landschaft zwischen Mosel und Eifel mit ausgezeichneter Verkehrsanbindung und ist ein idealer Wohnort.<\/p>\n","protected":false},"author":1,"featured_media":0,"parent":0,"menu_order":0,"comment_status":"closed","ping_status":"closed","template":"","meta":{"footnotes":""},"class_list":["post-218","page","type-page","status-publish","hentry"],"_links":{"self":[{"href":"https:\/\/www.altrich.de\/index.php\/wp-json\/wp\/v2\/pages\/218","targetHints":{"allow":["GET"]}}],"collection":[{"href":"https:\/\/www.altrich.de\/index.php\/wp-json\/wp\/v2\/pages"}],"about":[{"href":"https:\/\/www.altrich.de\/index.php\/wp-json\/wp\/v2\/types\/page"}],"author":[{"embeddable":true,"href":"https:\/\/www.altrich.de\/index.php\/wp-json\/wp\/v2\/users\/1"}],"replies":[{"embeddable":true,"href":"https:\/\/www.altrich.de\/index.php\/wp-json\/wp\/v2\/comments?post=218"}],"version-history":[{"count":126,"href":"https:\/\/www.altrich.de\/index.php\/wp-json\/wp\/v2\/pages\/218\/revisions"}],"predecessor-version":[{"id":2796,"href":"https:\/\/www.altrich.de\/index.php\/wp-json\/wp\/v2\/pages\/218\/revisions\/2796"}],"wp:attachment":[{"href":"https:\/\/www.altrich.de\/index.php\/wp-json\/wp\/v2\/media?parent=218"}],"curies":[{"name":"wp","href":"https:\/\/api.w.org\/{rel}","templated":true}]}}

<div id='full_slider_1'  class='avia-fullwidth-slider main_color avia-shadow   avia-builder-el-0  el_before_av_section  avia-builder-el-first   container_wrap fullsize' style=' '  ><div   data-size='no scaling'  data-lightbox_size='large'  data-animation='fade'  data-conditional_play=''  data-ids='1851'  data-video_counter='0'  data-autoplay='true'  data-bg_slider='false'  data-slide_height=''  data-handle='av_slideshow_full'  data-interval='5'  data-class=' '  data-el_id=''  data-css_id=''  data-scroll_down=''  data-control_layout='av-control-hidden'  data-custom_markup=''  data-perma_caption=''  data-autoplay_stopper=''  data-image_attachment=''  data-min_height='0px'  data-src=''  data-position='top left'  data-repeat='no-repeat'  data-attach='scroll'  data-stretch=''  class='avia-slideshow avia-slideshow-1  av-control-hidden av-default-height-applied avia-slideshow-no scaling av_slideshow_full   avia-fade-slider '  itemprop="image" itemscope="itemscope" itemtype="https://schema.org/ImageObject" ><ul class='avia-slideshow-inner ' style='padding-bottom: 33.333333333333%;' ><li  class=' av-single-slide slide-1 ' ><div data-rel='slideshow-1' class='avia-slide-wrap '   ><img src='https://www.altrich.de/wp-content/uploads/2018/09/altrich_summer-12.jpg' width='1500' height='500' title='altrich_summer-12' alt=''  itemprop="thumbnailUrl"   /></div></li></ul></div></div>
<div id='av_section_1'  class='avia-section main_color avia-section-default avia-no-border-styling  avia-bg-style-scroll  avia-builder-el-1  el_after_av_slideshow_full  el_before_av_section   container_wrap fullsize' style='background-color: #f2efe8;  '  ><div class='container' ><div class='template-page content  av-content-full alpha units'><div class='post-entry post-entry-type-page post-entry-218'><div class='entry-content-wrapper clearfix'>
<div class="flex_column av_one_full  av-animated-generic bottom-to-top  flex_column_div av-zero-column-padding first  avia-builder-el-2  el_before_av_one_full  avia-builder-el-first  " style='border-radius:0px; '><div  style='padding-bottom:10px; color:#000000;font-size:30px;' class='av-special-heading av-special-heading-h1 custom-color-heading blockquote modern-quote modern-centered  avia-builder-el-3  avia-builder-el-no-sibling  av-inherit-size '><h1 class='av-special-heading-tag '  itemprop="headline"  >Herzlich Willkommen in Altrich!</h1><div class='special-heading-border'><div class='special-heading-inner-border' style='border-color:#000000'></div></div></div></div><div class="flex_column av_one_full  av-animated-generic bottom-to-top  flex_column_div av-zero-column-padding first  avia-builder-el-4  el_after_av_one_full  el_before_av_one_half  column-top-margin" style='border-radius:0px; '><section class="av_textblock_section "  itemscope="itemscope" itemtype="https://schema.org/CreativeWork" ><div class='avia_textblock  '   itemprop="text" ><p><span style="font-size: 14pt;">Als Ortsbürgermeisterin der Gemeinde Altrich begrüße ich alle ganz herzlich, die sich über diese Internetseiten für unseren schönen Ort interessieren und bin sicher, dass Sie viele Informationen finden werden.</span></p>
</div></section></div><div class="flex_column av_one_half  av-animated-generic bottom-to-top  flex_column_div av-zero-column-padding first  avia-builder-el-6  el_after_av_one_full  el_before_av_one_half  column-top-margin" style='border-radius:0px; '><section class="av_textblock_section "  itemscope="itemscope" itemtype="https://schema.org/CreativeWork" ><div class='avia_textblock  '   itemprop="text" ><div id="c44" class="csc-default" style="text-align: justify;">
<div class="csc-textpic csc-textpic-intext-left">
<div class="csc-textpic-text" style="text-align: left;">Altrich befindet sich in einer landschaftlich schönen Lage zwischen Mosel und Eifel mit ausgezeichneter Verkehrsanbindung und ist ein idealer Wohnort. Das sehr aktive Vereinsleben garantiert eine besonders gute Dorfgemeinschaft und bietet auch Zugezogenen eine ideale Basis, sich in die Dorfgemeinschaft zu integrieren.</div>
</div>
</div>
</div></section></div><div class="flex_column av_one_half  av-animated-generic bottom-to-top  flex_column_div av-zero-column-padding   avia-builder-el-8  el_after_av_one_half  avia-builder-el-last  column-top-margin" style='border-radius:0px; '><section class="av_textblock_section "  itemscope="itemscope" itemtype="https://schema.org/CreativeWork" ><div class='avia_textblock  '   itemprop="text" ><div id="c44" class="csc-default" style="text-align: justify;">
<div class="csc-textpic csc-textpic-intext-left">
<div class="csc-textpic-text" style="text-align: left;">Informieren Sie sich über die Gemeinde Altrich, das <a class="internal-link" title="Öffnet internen Link im aktuellen Fenster" href="https://www.altrich.de/?page_id=1116">Baugebiet</a>, die <a class="internal-link" title="Öffnet internen Link im aktuellen Fenster" href="https://www.altrich.de/?page_id=754" target="_blank" rel="noopener">Vereine</a>, die <a class="internal-link" title="Öffnet internen Link im aktuellen Fenster" href="https://www.altrich.de/?page_id=1197" target="_blank" rel="noopener">Kindertagesstätte</a>, die <a class="internal-link" title="Öffnet internen Link im aktuellen Fenster" href="https://www.altrich.de/?page_id=1185" target="_blank" rel="noopener">Grundschule</a> und vieles mehr.</div>
<div class="csc-textpic-text" style="text-align: left;">Gerne stehe auch ich Ihnen für Ihre Fragen oder Anliegen zur Verfügung. Nutzen Sie hierzu bitte das <a class="internal-link" title="Öffnet internen Link im aktuellen Fenster" href="https://www.altrich.de/?page_id=440">Kontaktformular</a>. Informationen zur Sprechstunde finden Sie <a class="internal-link" title="Öffnet internen Link im aktuellen Fenster" href="https://www.altrich.de/?page_id=390" target="_blank" rel="noopener">hier</a>.</div>
<p style="text-align: left;"><b><i>Ihre Sylvia Stoffel-Leuchter<br />
</i></b></p>
</div>
</div>
</div></section></div>

</div></div></div><!-- close content main div --></div></div><div id='av_section_2'  class='avia-section main_color avia-section-default avia-no-border-styling  avia-bg-style-scroll  avia-builder-el-10  el_after_av_section  el_before_av_section   container_wrap fullsize' style=' '  ><div class='container' ><div class='template-page content  av-content-full alpha units'><div class='post-entry post-entry-type-page post-entry-218'><div class='entry-content-wrapper clearfix'>
<div class="flex_column av_one_fifth  av-animated-generic bottom-to-top  flex_column_div av-zero-column-padding first  avia-builder-el-11  el_before_av_two_fifth  avia-builder-el-first  " style='border-radius:0px; '></div><div class="flex_column av_two_fifth  av-animated-generic bottom-to-top  flex_column_div av-zero-column-padding   avia-builder-el-12  el_after_av_one_fifth  el_before_av_one_fifth  " style='border-radius:0px; '><section class="av_textblock_section "  itemscope="itemscope" itemtype="https://schema.org/CreativeWork" ><div class='avia_textblock  '   itemprop="text" ><div id="c44" class="csc-default" style="text-align: justify;">
<h1 class="_9vd5 _9t2_" style="text-align: left;">Neues für Altrich, Büscheid und die Höfe.</h1>
<h3 class="_9vd5 _9t2_" style="text-align: left;">Offizieller Informationskanal der Ortsgemeinde Altrich.</h3>
</div>
</div></section><br />
<div  class='avia-button-wrap avia-button-center  avia-builder-el-14  el_after_av_textblock  avia-builder-el-last ' ><a href='https://whatsapp.com/channel/0029Vag9diu5q08ichKCPt1v' class='avia-button   avia-icon_select-yes-right-icon avia-color-theme-color avia-size-small avia-position-center ' target="_blank" rel="noopener"><span class='avia_iconbox_title' >Zum WhatsApp-Kanal </span><span class='avia_button_icon avia_button_icon_right' aria-hidden='true' data-av_icon='' data-av_iconfont='entypo-fontello'></span></a></div></p></div><div class="flex_column av_one_fifth  av-animated-generic bottom-to-top  flex_column_div av-zero-column-padding   avia-builder-el-15  el_after_av_two_fifth  el_before_av_one_fifth  " style='border-radius:0px; '><section class="av_textblock_section "  itemscope="itemscope" itemtype="https://schema.org/CreativeWork" ><div class='avia_textblock  '   itemprop="text" ><p><img loading="lazy" decoding="async" class="alignnone size-full wp-image-2798" src="https://www.altrich.de/wp-content/uploads/2024/06/qr-code-WhatsApp-Kanal-Altrich.png" alt="" width="500" height="498" srcset="https://www.altrich.de/wp-content/uploads/2024/06/qr-code-WhatsApp-Kanal-Altrich.png 500w, https://www.altrich.de/wp-content/uploads/2024/06/qr-code-WhatsApp-Kanal-Altrich-300x300.png 300w, https://www.altrich.de/wp-content/uploads/2024/06/qr-code-WhatsApp-Kanal-Altrich-80x80.png 80w, https://www.altrich.de/wp-content/uploads/2024/06/qr-code-WhatsApp-Kanal-Altrich-36x36.png 36w, https://www.altrich.de/wp-content/uploads/2024/06/qr-code-WhatsApp-Kanal-Altrich-180x180.png 180w" sizes="auto, (max-width: 500px) 100vw, 500px" /></p>
</div></section></div><div class="flex_column av_one_fifth  av-animated-generic bottom-to-top  flex_column_div av-zero-column-padding   avia-builder-el-17  el_after_av_one_fifth  avia-builder-el-last  " style='border-radius:0px; '></div></div></div></div><!-- close content main div --></div></div><div id='av_section_3'  class='avia-section main_color avia-section-default avia-no-border-styling  avia-bg-style-scroll  avia-builder-el-18  el_after_av_section  avia-builder-el-last   container_wrap fullsize' style='background-color: #bcbcbc;  '  ><div class='container' ><div class='template-page content  av-content-full alpha units'><div class='post-entry post-entry-type-page post-entry-218'><div class='entry-content-wrapper clearfix'>
<div class="flex_column av_one_third  flex_column_div first  avia-builder-el-19  el_before_av_one_third  avia-builder-el-first  " style='padding:20px; background-color:#ffffff; border-radius:0px; '><p><div  style='padding-bottom:10px; ' class='av-special-heading av-special-heading-h3  blockquote modern-quote  avia-builder-el-20  el_before_av_image  avia-builder-el-first  '><h3 class='av-special-heading-tag '  itemprop="headline"  >Generationenhaus Altreia</h3><div class='special-heading-border'><div class='special-heading-inner-border' ></div></div></div><br />
<div  class='avia-image-container  av-styling- av-hover-grow   avia-builder-el-21  el_after_av_heading  avia-builder-el-last  avia-align-center '  itemprop="image" itemscope="itemscope" itemtype="https://schema.org/ImageObject"  ><div class='avia-image-container-inner'><div class='avia-image-overlay-wrap'><a href='https://www.altrich.de/?page_id=390' class='avia_image'  ><img class='avia_image ' src='https://www.altrich.de/wp-content/uploads/2018/11/start_altreia.jpg' alt='' title='start_altreia'  itemprop="thumbnailUrl"  /></a></div></div></div></p></div><div class="flex_column av_one_third  flex_column_div   avia-builder-el-22  el_after_av_one_third  el_before_av_one_third  " style='padding:20px; background-color:#ffffff; border-radius:0px; '><p><div  style='padding-bottom:10px; ' class='av-special-heading av-special-heading-h3  blockquote modern-quote  avia-builder-el-23  el_before_av_image  avia-builder-el-first  '><h3 class='av-special-heading-tag '  itemprop="headline"  >Veranstaltungskalender</h3><div class='special-heading-border'><div class='special-heading-inner-border' ></div></div></div><br />
<div  class='avia-image-container  av-styling- av-hover-grow   avia-builder-el-24  el_after_av_heading  avia-builder-el-last  avia-align-center '  itemprop="image" itemscope="itemscope" itemtype="https://schema.org/ImageObject"  ><div class='avia-image-container-inner'><div class='avia-image-overlay-wrap'><a href='https://www.altrich.de/?page_id=1130' class='avia_image'  ><img class='avia_image ' src='https://www.altrich.de/wp-content/uploads/2018/11/start_veranstaltung.jpg' alt='' title='start_veranstaltung'  itemprop="thumbnailUrl"  /></a></div></div></div></p></div><div class="flex_column av_one_third  flex_column_div   avia-builder-el-25  el_after_av_one_third  avia-builder-el-last  " style='padding:20px; background-color:#ffffff; border-radius:0px; '><p><div  style='padding-bottom:10px; ' class='av-special-heading av-special-heading-h3  blockquote modern-quote  avia-builder-el-26  el_before_av_image  avia-builder-el-first  '><h3 class='av-special-heading-tag '  itemprop="headline"  >KiTa Kindertagesstätte</h3><div class='special-heading-border'><div class='special-heading-inner-border' ></div></div></div><br />
<div  class='avia-image-container  av-styling- av-hover-grow   avia-builder-el-27  el_after_av_heading  avia-builder-el-last  avia-align-center '  itemprop="image" itemscope="itemscope" itemtype="https://schema.org/ImageObject"  ><div class='avia-image-container-inner'><div class='avia-image-overlay-wrap'><a href='https://www.altrich.de/?page_id=1197' class='avia_image'  ><img class='avia_image ' src='https://www.altrich.de/wp-content/uploads/2018/11/start_kita.jpg' alt='' title='start_kita'  itemprop="thumbnailUrl"  /></a></div></div></div></p></div>

<p>Altrich liegt sich in einer landschaftlich schönen Landschaft zwischen Mosel und Eifel mit ausgezeichneter Verkehrsanbindung und ist ein idealer Wohnort.</p>
