{"id":481,"date":"2018-01-16T11:26:50","date_gmt":"2018-01-16T10:26:50","guid":{"rendered":"http:\/\/staging.altrich.de\/?page_id=481"},"modified":"2024-09-11T16:56:29","modified_gmt":"2024-09-11T14:56:29","slug":"pfarrgemeinde","status":"publish","type":"page","link":"https:\/\/www.altrich.de\/index.php\/pfarrgemeinde\/","title":{"rendered":"Pfarrgemeinde"},"content":{"rendered":"<div id='full_slider_1'  class='avia-fullwidth-slider main_color avia-shadow   avia-builder-el-0  el_before_av_section  avia-builder-el-first   container_wrap fullsize' style=' '  ><div   data-size='featured'  data-lightbox_size='large'  data-animation='slide'  data-conditional_play=''  data-ids='2126'  data-video_counter='0'  data-autoplay='false'  data-bg_slider='false'  data-slide_height=''  data-handle='av_slideshow_full'  data-interval='5'  data-class=' '  data-el_id=''  data-css_id=''  data-scroll_down=''  data-control_layout='av-control-default'  data-custom_markup=''  data-perma_caption=''  data-autoplay_stopper=''  data-image_attachment=''  data-min_height='0px'  data-src=''  data-position='top left'  data-repeat='no-repeat'  data-attach='scroll'  data-stretch=''  data-default-height='28.666666666667'  class='avia-slideshow avia-slideshow-1  av-control-default av-default-height-applied avia-slideshow-featured av_slideshow_full   avia-slide-slider '  itemprop=\"image\" itemscope=\"itemscope\" itemtype=\"https:\/\/schema.org\/ImageObject\" ><ul class='avia-slideshow-inner ' style='padding-bottom: 28.666666666667%;' ><li  class=' av-single-slide slide-1 ' ><div data-rel='slideshow-1' class='avia-slide-wrap '   ><img src='https:\/\/www.altrich.de\/wp-content\/uploads\/2019\/02\/kirche-altrich.jpg' width='1500' height='430' title='kirche-altrich' alt=''  itemprop=\"thumbnailUrl\"   \/><\/div><\/li><\/ul><\/div><\/div>\n<div id='av_section_1'  class='avia-section main_color avia-section-default avia-no-shadow  avia-bg-style-scroll  avia-builder-el-1  el_after_av_slideshow_full  avia-builder-el-last   container_wrap fullsize' style=' '  ><div class='container' ><div class='template-page content  av-content-full alpha units'><div class='post-entry post-entry-type-page post-entry-481'><div class='entry-content-wrapper clearfix'>\n<div  style='padding-bottom:10px; ' class='av-special-heading av-special-heading-h2  blockquote modern-quote modern-centered  avia-builder-el-2  el_before_av_one_third  avia-builder-el-first  '><h2 class='av-special-heading-tag '  itemprop=\"headline\"  >Pfarrgemeinde St. Andreas<\/h2><div class='special-heading-border'><div class='special-heading-inner-border' ><\/div><\/div><\/div>\n<div class=\"flex_column av_one_third  flex_column_div av-zero-column-padding first  avia-builder-el-3  el_after_av_heading  el_before_av_two_third  \" style='border-radius:0px; '><section class=\"av_textblock_section \"  itemscope=\"itemscope\" itemtype=\"https:\/\/schema.org\/CreativeWork\" ><div class='avia_textblock  '   itemprop=\"text\" ><p class=\"bodytext\">Neben dem gelebten christlichen Glauben f\u00e4llt die Pfarrgemeinde St. Andreas durch vielf\u00e4ltige Aktivit\u00e4ten auf. Insbesondere die Jugendarbeit, die Arbeit im sozialen Bereich sowie die Teilnahme an Veranstaltungen und Festen im Dorf und deren Gestaltung werden in der Pfarrgemeinde in verschiedenen Gruppierungen und Gremien gro\u00df geschrieben. Die Pfarrgemeinde St. Andreas Altrich ist als eigenst\u00e4ndige Pfarrei ein Teil der 2011 gebildeten Pfarreiengemeinschaft Wittlich, welche als Nachbarn der Stadt auch Plein, Flu\u00dfbach und Platten mit umfasst.<\/p>\n<p class=\"bodytext\">Von 2001 bis 2014 hatte die alte Pfarreiengemeinschaft mit Platten und Wengerohr eine eigene Homepage, die aus der Pfarrei heraus eigenst\u00e4ndig gestaltet worden war. Jetzt finden sich Informationen der Pfarrgemeinde auch auf der Homepage der Pfarreiengemeinschaft &gt; siehe nebenstehend<\/p>\n<\/div><\/section><\/div><div class=\"flex_column av_two_third  flex_column_div av-zero-column-padding   avia-builder-el-5  el_after_av_one_third  avia-builder-el-last  \" style='border-radius:0px; '><section class=\"av_textblock_section \"  itemscope=\"itemscope\" itemtype=\"https:\/\/schema.org\/CreativeWork\" ><div class='avia_textblock  '   itemprop=\"text\" ><p><a href=\"https:\/\/www.pfarreiengemeinschaft-wittlich.de\/pfarreien\/st-andreas-altrich.html\" target=\"_blank\" rel=\"noopener noreferrer\"><img loading=\"lazy\" decoding=\"async\" class=\"alignnone wp-image-1026 size-full\" src=\"https:\/\/www.altrich.de\/wp-content\/uploads\/2018\/06\/standreas.jpg\" alt=\"\" width=\"1000\" height=\"598\" srcset=\"https:\/\/www.altrich.de\/wp-content\/uploads\/2018\/06\/standreas.jpg 1000w, https:\/\/www.altrich.de\/wp-content\/uploads\/2018\/06\/standreas-300x179.jpg 300w, https:\/\/www.altrich.de\/wp-content\/uploads\/2018\/06\/standreas-768x459.jpg 768w, https:\/\/www.altrich.de\/wp-content\/uploads\/2018\/06\/standreas-705x422.jpg 705w, https:\/\/www.altrich.de\/wp-content\/uploads\/2018\/06\/standreas-450x269.jpg 450w\" sizes=\"auto, (max-width: 1000px) 100vw, 1000px\" \/><\/a><\/p>\n<p>zur Pfarrgemeinde St. Andreas* <a href=\"https:\/\/www.pfarrei-wittlich.de\/ueber-uns\/st-andreas-altrich\"><i class=\"fa fa-external-link \" ><\/i><\/a><\/p>\n<hr \/>\n<h6><span style=\"font-size: 8pt;\">*Sie werden bei dem Link mit der WebSite der Pfarrgemeinde St. Andreas, Altrich verbunden. Dadurch werden Ihre IP und evtl. weitere Daten an den Betreiber der Seite \u00fcbertragen. Diese k\u00f6nnen dort ausgewertet, gespeichert und weiter verwendet werden. Wenn Sie auf den Link klicken, sind Sie damit einverstanden. Wir haben auf die weitere Verwendung Ihrer pers\u00f6nlichen Daten bei der Zieladresse keinen Einfluss.<\/span><\/h6>\n<\/div><\/section><\/div>\n","protected":false},"excerpt":{"rendered":"","protected":false},"author":1,"featured_media":0,"parent":0,"menu_order":0,"comment_status":"closed","ping_status":"open","template":"","meta":{"footnotes":""},"class_list":["post-481","page","type-page","status-publish","hentry"],"_links":{"self":[{"href":"https:\/\/www.altrich.de\/index.php\/wp-json\/wp\/v2\/pages\/481","targetHints":{"allow":["GET"]}}],"collection":[{"href":"https:\/\/www.altrich.de\/index.php\/wp-json\/wp\/v2\/pages"}],"about":[{"href":"https:\/\/www.altrich.de\/index.php\/wp-json\/wp\/v2\/types\/page"}],"author":[{"embeddable":true,"href":"https:\/\/www.altrich.de\/index.php\/wp-json\/wp\/v2\/users\/1"}],"replies":[{"embeddable":true,"href":"https:\/\/www.altrich.de\/index.php\/wp-json\/wp\/v2\/comments?post=481"}],"version-history":[{"count":16,"href":"https:\/\/www.altrich.de\/index.php\/wp-json\/wp\/v2\/pages\/481\/revisions"}],"predecessor-version":[{"id":2865,"href":"https:\/\/www.altrich.de\/index.php\/wp-json\/wp\/v2\/pages\/481\/revisions\/2865"}],"wp:attachment":[{"href":"https:\/\/www.altrich.de\/index.php\/wp-json\/wp\/v2\/media?parent=481"}],"curies":[{"name":"wp","href":"https:\/\/api.w.org\/{rel}","templated":true}]}}

<div id='full_slider_1'  class='avia-fullwidth-slider main_color avia-shadow   avia-builder-el-0  el_before_av_section  avia-builder-el-first   container_wrap fullsize' style=' '  ><div   data-size='featured'  data-lightbox_size='large'  data-animation='slide'  data-conditional_play=''  data-ids='2126'  data-video_counter='0'  data-autoplay='false'  data-bg_slider='false'  data-slide_height=''  data-handle='av_slideshow_full'  data-interval='5'  data-class=' '  data-el_id=''  data-css_id=''  data-scroll_down=''  data-control_layout='av-control-default'  data-custom_markup=''  data-perma_caption=''  data-autoplay_stopper=''  data-image_attachment=''  data-min_height='0px'  data-src=''  data-position='top left'  data-repeat='no-repeat'  data-attach='scroll'  data-stretch=''  data-default-height='28.666666666667'  class='avia-slideshow avia-slideshow-1  av-control-default av-default-height-applied avia-slideshow-featured av_slideshow_full   avia-slide-slider '  itemprop="image" itemscope="itemscope" itemtype="https://schema.org/ImageObject" ><ul class='avia-slideshow-inner ' style='padding-bottom: 28.666666666667%;' ><li  class=' av-single-slide slide-1 ' ><div data-rel='slideshow-1' class='avia-slide-wrap '   ><img src='https://www.altrich.de/wp-content/uploads/2019/02/kirche-altrich.jpg' width='1500' height='430' title='kirche-altrich' alt=''  itemprop="thumbnailUrl"   /></div></li></ul></div></div>
<div id='av_section_1'  class='avia-section main_color avia-section-default avia-no-shadow  avia-bg-style-scroll  avia-builder-el-1  el_after_av_slideshow_full  avia-builder-el-last   container_wrap fullsize' style=' '  ><div class='container' ><div class='template-page content  av-content-full alpha units'><div class='post-entry post-entry-type-page post-entry-481'><div class='entry-content-wrapper clearfix'>
<div  style='padding-bottom:10px; ' class='av-special-heading av-special-heading-h2  blockquote modern-quote modern-centered  avia-builder-el-2  el_before_av_one_third  avia-builder-el-first  '><h2 class='av-special-heading-tag '  itemprop="headline"  >Pfarrgemeinde St. Andreas</h2><div class='special-heading-border'><div class='special-heading-inner-border' ></div></div></div>
<div class="flex_column av_one_third  flex_column_div av-zero-column-padding first  avia-builder-el-3  el_after_av_heading  el_before_av_two_third  " style='border-radius:0px; '><section class="av_textblock_section "  itemscope="itemscope" itemtype="https://schema.org/CreativeWork" ><div class='avia_textblock  '   itemprop="text" ><p class="bodytext">Neben dem gelebten christlichen Glauben fällt die Pfarrgemeinde St. Andreas durch vielfältige Aktivitäten auf. Insbesondere die Jugendarbeit, die Arbeit im sozialen Bereich sowie die Teilnahme an Veranstaltungen und Festen im Dorf und deren Gestaltung werden in der Pfarrgemeinde in verschiedenen Gruppierungen und Gremien groß geschrieben. Die Pfarrgemeinde St. Andreas Altrich ist als eigenständige Pfarrei ein Teil der 2011 gebildeten Pfarreiengemeinschaft Wittlich, welche als Nachbarn der Stadt auch Plein, Flußbach und Platten mit umfasst.</p>
<p class="bodytext">Von 2001 bis 2014 hatte die alte Pfarreiengemeinschaft mit Platten und Wengerohr eine eigene Homepage, die aus der Pfarrei heraus eigenständig gestaltet worden war. Jetzt finden sich Informationen der Pfarrgemeinde auch auf der Homepage der Pfarreiengemeinschaft &gt; siehe nebenstehend</p>
</div></section></div><div class="flex_column av_two_third  flex_column_div av-zero-column-padding   avia-builder-el-5  el_after_av_one_third  avia-builder-el-last  " style='border-radius:0px; '><section class="av_textblock_section "  itemscope="itemscope" itemtype="https://schema.org/CreativeWork" ><div class='avia_textblock  '   itemprop="text" ><p><a href="https://www.pfarreiengemeinschaft-wittlich.de/pfarreien/st-andreas-altrich.html" target="_blank" rel="noopener noreferrer"><img loading="lazy" decoding="async" class="alignnone wp-image-1026 size-full" src="https://www.altrich.de/wp-content/uploads/2018/06/standreas.jpg" alt="" width="1000" height="598" srcset="https://www.altrich.de/wp-content/uploads/2018/06/standreas.jpg 1000w, https://www.altrich.de/wp-content/uploads/2018/06/standreas-300x179.jpg 300w, https://www.altrich.de/wp-content/uploads/2018/06/standreas-768x459.jpg 768w, https://www.altrich.de/wp-content/uploads/2018/06/standreas-705x422.jpg 705w, https://www.altrich.de/wp-content/uploads/2018/06/standreas-450x269.jpg 450w" sizes="auto, (max-width: 1000px) 100vw, 1000px" /></a></p>
<p>zur Pfarrgemeinde St. Andreas* <a href="https://www.pfarrei-wittlich.de/ueber-uns/st-andreas-altrich"><i class="fa fa-external-link " ></i></a></p>
<hr />
<h6><span style="font-size: 8pt;">*Sie werden bei dem Link mit der WebSite der Pfarrgemeinde St. Andreas, Altrich verbunden. Dadurch werden Ihre IP und evtl. weitere Daten an den Betreiber der Seite übertragen. Diese können dort ausgewertet, gespeichert und weiter verwendet werden. Wenn Sie auf den Link klicken, sind Sie damit einverstanden. Wir haben auf die weitere Verwendung Ihrer persönlichen Daten bei der Zieladresse keinen Einfluss.</span></h6>
</div></section></div>
