{"id":903,"date":"2018-05-18T11:27:13","date_gmt":"2018-05-18T09:27:13","guid":{"rendered":"http:\/\/staging.altrich.de\/?page_id=903"},"modified":"2025-08-28T19:29:31","modified_gmt":"2025-08-28T17:29:31","slug":"ortsbuergermeisterin","status":"publish","type":"page","link":"https:\/\/www.altrich.de\/index.php\/ortsbuergermeisterin\/","title":{"rendered":"Ortsb\u00fcrgermeisterin"},"content":{"rendered":"<div id='full_slider_1'  class='avia-fullwidth-slider main_color avia-shadow   avia-builder-el-0  el_before_av_section  avia-builder-el-first   container_wrap fullsize' style=' '  ><div   data-size='no scaling'  data-lightbox_size='large'  data-animation='slide'  data-conditional_play=''  data-ids='1170'  data-video_counter='0'  data-autoplay='false'  data-bg_slider='false'  data-slide_height=''  data-handle='av_slideshow_full'  data-interval='5'  data-class=' '  data-el_id=''  data-css_id=''  data-scroll_down=''  data-control_layout='av-control-default'  data-custom_markup=''  data-perma_caption=''  data-autoplay_stopper=''  data-image_attachment=''  data-min_height='0px'  data-src=''  data-position='top left'  data-repeat='no-repeat'  data-attach='scroll'  data-stretch=''  class='avia-slideshow avia-slideshow-1  av-control-default av-default-height-applied avia-slideshow-no scaling av_slideshow_full   avia-slide-slider '  itemprop=\"image\" itemscope=\"itemscope\" itemtype=\"https:\/\/schema.org\/ImageObject\" ><ul class='avia-slideshow-inner ' style='padding-bottom: 28.666666666667%;' ><li  class=' av-single-slide slide-1 ' ><div data-rel='slideshow-1' class='avia-slide-wrap '   ><img src='https:\/\/www.altrich.de\/wp-content\/uploads\/2018\/08\/a-kirche-sommer.jpg' width='1500' height='430' title='a-kirche-sommer' alt=''  itemprop=\"thumbnailUrl\"   \/><\/div><\/li><\/ul><\/div><\/div>\n<div id='av_section_1'  class='avia-section main_color avia-section-default avia-no-shadow  avia-bg-style-scroll  avia-builder-el-1  el_after_av_slideshow_full  el_before_av_section   container_wrap fullsize' style=' '  ><div class='container' ><div class='template-page content  av-content-full alpha units'><div class='post-entry post-entry-type-page post-entry-903'><div class='entry-content-wrapper clearfix'>\n<div  style='padding-bottom:10px; ' class='av-special-heading av-special-heading-h2  blockquote modern-quote modern-centered  avia-builder-el-2  el_before_av_two_fifth  avia-builder-el-first  '><h2 class='av-special-heading-tag '  itemprop=\"headline\"  >Ortsb\u00fcrgermeisterin<\/h2><div class='special-heading-border'><div class='special-heading-inner-border' ><\/div><\/div><\/div>\n<div class=\"flex_column av_two_fifth  flex_column_div av-zero-column-padding first  avia-builder-el-3  el_after_av_heading  el_before_av_three_fifth  \" style='border-radius:0px; '><p><div  style=' margin-top:0px; margin-bottom:2px;'  class='hr hr-custom hr-center hr-icon-no   avia-builder-el-4  el_before_av_textblock  avia-builder-el-first '><span class='hr-inner   inner-border-av-border-none' style=' width:50px;' ><span class='hr-inner-style'><\/span><\/span><\/div><br \/>\n<section class=\"av_textblock_section \"  itemscope=\"itemscope\" itemtype=\"https:\/\/schema.org\/CreativeWork\" ><div class='avia_textblock  '   itemprop=\"text\" ><p><img loading=\"lazy\" decoding=\"async\" class=\"alignnone wp-image-2195\" src=\"https:\/\/www.altrich.de\/wp-content\/uploads\/2019\/09\/OBM-Stoffel-Leuchter.jpg\" alt=\"\" width=\"361\" height=\"500\" srcset=\"https:\/\/www.altrich.de\/wp-content\/uploads\/2019\/09\/OBM-Stoffel-Leuchter.jpg 578w, https:\/\/www.altrich.de\/wp-content\/uploads\/2019\/09\/OBM-Stoffel-Leuchter-217x300.jpg 217w, https:\/\/www.altrich.de\/wp-content\/uploads\/2019\/09\/OBM-Stoffel-Leuchter-509x705.jpg 509w, https:\/\/www.altrich.de\/wp-content\/uploads\/2019\/09\/OBM-Stoffel-Leuchter-450x623.jpg 450w\" sizes=\"auto, (max-width: 361px) 100vw, 361px\" \/><\/p>\n<\/div><\/section><\/p><\/div><div class=\"flex_column av_three_fifth  flex_column_div av-zero-column-padding   avia-builder-el-6  el_after_av_two_fifth  avia-builder-el-last  \" style='border-radius:0px; '><section class=\"av_textblock_section \"  itemscope=\"itemscope\" itemtype=\"https:\/\/schema.org\/CreativeWork\" ><div class='avia_textblock  '   itemprop=\"text\" ><p>Liebe G\u00e4ste, liebe Altricher,<\/p>\n<p>im August 2019 habe ich das Amt der Ortsb\u00fcrgermeisterin f\u00fcr Altrich \u00fcbernommen und wurde bei der Kommunalwahl im Juni 2024 in diesem Amt best\u00e4tigt.<\/p>\n<p>Bei den vielf\u00e4ltigen Aufgaben werde ich durch den Beigeordneten mit der Funktion \u201eGesch\u00e4ftsbereich Bau\u201c, Johannes Valerius sowie den Beigeordneten Doroth\u00e9e Benz-Hayer und Michael Moll tatkr\u00e4ftig unterst\u00fctzt.<\/p>\n<p>Der ganze Gemeinderat Altrich und ich m\u00f6chten, dass sich die Bewohner von Altrich und unsere G\u00e4ste in unserer sch\u00f6nen Gemeinde wohlf\u00fchlen. Bitte unterst\u00fctzen Sie uns in diesem Bestreben durch ihre Mitarbeit.<\/p>\n<p>F\u00fcr Ideen, Anregungen und konstruktive Kritik \u2013 aber auch gerne f\u00fcr ein Lob haben wir offene Ohren.<\/p>\n<p><strong>Gerne k\u00f6nnen Sie mir jederzeit Ihre Anliegen per Telefon oder Mail mitteilen.<\/strong><\/p>\n<p><em>Ihre Sylvia Stoffel-Leuchter<\/em><\/p>\n<hr \/>\n<p class=\"bodytext\"><b>Kontaktdaten<\/b>:<br \/>\n<a href=\"mailto:info@altrich.de\">info@altrich.de<\/a>\u00a0 oder <a class=\"internal-link\" title=\"\u00d6ffnet internen Link im aktuellen Fenster\" href=\"https:\/\/www.altrich.de\/index.php?id=20\" target=\"_blank\" rel=\"noopener\">Kontakt<\/a><br \/>\nTel. 06571- 9535090<\/p>\n<\/div><\/section><\/div><\/div><\/div><\/div><!-- close content main div --><\/div><\/div><div id='av_section_2'  class='avia-section main_color avia-section-default avia-no-shadow  avia-bg-style-scroll  avia-builder-el-8  el_after_av_section  avia-builder-el-last   container_wrap fullsize' style=' '  ><div class='container' ><div class='template-page content  av-content-full alpha units'><div class='post-entry post-entry-type-page post-entry-903'><div class='entry-content-wrapper clearfix'>\n<div  style='padding-bottom:10px; ' class='av-special-heading av-special-heading-h2  blockquote modern-quote modern-centered  avia-builder-el-9  el_before_av_one_half  avia-builder-el-first  '><h2 class='av-special-heading-tag '  itemprop=\"headline\"  >Aufgaben der Ortsb\u00fcrgermeisterin<\/h2><div class='special-heading-border'><div class='special-heading-inner-border' ><\/div><\/div><\/div>\n<div class=\"flex_column av_one_half  flex_column_div av-zero-column-padding first  avia-builder-el-10  el_after_av_heading  el_before_av_one_half  \" style='border-radius:0px; '><section class=\"av_textblock_section \"  itemscope=\"itemscope\" itemtype=\"https:\/\/schema.org\/CreativeWork\" ><div class='avia_textblock  '   itemprop=\"text\" ><p class=\"bodytext\"><b>Verwaltungsaufgaben<\/b><\/p>\n<ul>\n<li>Schnittstelle zur Verbandsgemeinde<\/li>\n<li>Teilnahme an Sitzung der VG<\/li>\n<li>Vorbereitung, Durchf\u00fchrung, Leitung und Nachbereitung von Gemeinderatssitzungen<\/li>\n<li>Vorbereitung, Durchf\u00fchrung, Leitung und Nachbereitung von Fachausschusssitzungen<\/li>\n<\/ul>\n<p class=\"bodytext\"><b>KiTa<\/b><\/p>\n<ul>\n<li>Organisation der Kindertagesst\u00e4tte<\/li>\n<li>Personalverantwortung<\/li>\n<\/ul>\n<p class=\"bodytext\"><b>Altreiahalle<\/b><\/p>\n<ul>\n<li>Verwaltung der Altreia-Halle (Belegung und Abrechnung)<\/li>\n<\/ul>\n<p class=\"bodytext\"><b>Friedhof<\/b><\/p>\n<ul>\n<li>Ansprechpartner f\u00fcr Friedhofsangelegenheiten<\/li>\n<li>Abrechnung der Friedhofsgeb\u00fchren<\/li>\n<\/ul>\n<\/div><\/section><\/div><div class=\"flex_column av_one_half  flex_column_div av-zero-column-padding   avia-builder-el-12  el_after_av_one_half  avia-builder-el-last  \" style='border-radius:0px; '><section class=\"av_textblock_section \"  itemscope=\"itemscope\" itemtype=\"https:\/\/schema.org\/CreativeWork\" ><div class='avia_textblock  '   itemprop=\"text\" ><p class=\"bodytext\"><b>\u00d6ffentlichkeitsarbeit<\/b><\/p>\n<ul>\n<li>Informationstransparenz f\u00fcr die Bev\u00f6lkerung<\/li>\n<li>Au\u00dfendarstellung der Gemeinde<\/li>\n<li>Dorfentwicklung<\/li>\n<li>Durchf\u00fchrung von B\u00fcrgersprechstunden<\/li>\n<li>Durchf\u00fchrung von B\u00fcrgerversammlungen<\/li>\n<\/ul>\n<p class=\"bodytext\"><b>Haushaltsplan<\/b><\/p>\n<ul>\n<li>Mitwirkung und Fortschreibung der Erstellung des Haushaltsplanes<\/li>\n<\/ul>\n<p class=\"bodytext\"><b>Wahlen<\/b><\/p>\n<ul>\n<li>Organisation und Durchf\u00fchrung von Wahlen<\/li>\n<\/ul>\n<p class=\"bodytext\"><b>Veranstaltungen<\/b><\/p>\n<ul>\n<li>\u00d6ffentliche und private Teilnahme an Veranstaltungen der Gemeinde sowie Jubil\u00e4en<\/li>\n<\/ul>\n<\/div><\/section><\/div>\n\n","protected":false},"excerpt":{"rendered":"","protected":false},"author":1,"featured_media":0,"parent":0,"menu_order":0,"comment_status":"closed","ping_status":"closed","template":"","meta":{"footnotes":""},"class_list":["post-903","page","type-page","status-publish","hentry"],"_links":{"self":[{"href":"https:\/\/www.altrich.de\/index.php\/wp-json\/wp\/v2\/pages\/903","targetHints":{"allow":["GET"]}}],"collection":[{"href":"https:\/\/www.altrich.de\/index.php\/wp-json\/wp\/v2\/pages"}],"about":[{"href":"https:\/\/www.altrich.de\/index.php\/wp-json\/wp\/v2\/types\/page"}],"author":[{"embeddable":true,"href":"https:\/\/www.altrich.de\/index.php\/wp-json\/wp\/v2\/users\/1"}],"replies":[{"embeddable":true,"href":"https:\/\/www.altrich.de\/index.php\/wp-json\/wp\/v2\/comments?post=903"}],"version-history":[{"count":22,"href":"https:\/\/www.altrich.de\/index.php\/wp-json\/wp\/v2\/pages\/903\/revisions"}],"predecessor-version":[{"id":2925,"href":"https:\/\/www.altrich.de\/index.php\/wp-json\/wp\/v2\/pages\/903\/revisions\/2925"}],"wp:attachment":[{"href":"https:\/\/www.altrich.de\/index.php\/wp-json\/wp\/v2\/media?parent=903"}],"curies":[{"name":"wp","href":"https:\/\/api.w.org\/{rel}","templated":true}]}}

Ortsbürgermeisterin

<div id='full_slider_1'  class='avia-fullwidth-slider main_color avia-shadow   avia-builder-el-0  el_before_av_section  avia-builder-el-first   container_wrap fullsize' style=' '  ><div   data-size='no scaling'  data-lightbox_size='large'  data-animation='slide'  data-conditional_play=''  data-ids='1170'  data-video_counter='0'  data-autoplay='false'  data-bg_slider='false'  data-slide_height=''  data-handle='av_slideshow_full'  data-interval='5'  data-class=' '  data-el_id=''  data-css_id=''  data-scroll_down=''  data-control_layout='av-control-default'  data-custom_markup=''  data-perma_caption=''  data-autoplay_stopper=''  data-image_attachment=''  data-min_height='0px'  data-src=''  data-position='top left'  data-repeat='no-repeat'  data-attach='scroll'  data-stretch=''  class='avia-slideshow avia-slideshow-1  av-control-default av-default-height-applied avia-slideshow-no scaling av_slideshow_full   avia-slide-slider '  itemprop="image" itemscope="itemscope" itemtype="https://schema.org/ImageObject" ><ul class='avia-slideshow-inner ' style='padding-bottom: 28.666666666667%;' ><li  class=' av-single-slide slide-1 ' ><div data-rel='slideshow-1' class='avia-slide-wrap '   ><img src='https://www.altrich.de/wp-content/uploads/2018/08/a-kirche-sommer.jpg' width='1500' height='430' title='a-kirche-sommer' alt=''  itemprop="thumbnailUrl"   /></div></li></ul></div></div>
<div id='av_section_1'  class='avia-section main_color avia-section-default avia-no-shadow  avia-bg-style-scroll  avia-builder-el-1  el_after_av_slideshow_full  el_before_av_section   container_wrap fullsize' style=' '  ><div class='container' ><div class='template-page content  av-content-full alpha units'><div class='post-entry post-entry-type-page post-entry-903'><div class='entry-content-wrapper clearfix'>
<div  style='padding-bottom:10px; ' class='av-special-heading av-special-heading-h2  blockquote modern-quote modern-centered  avia-builder-el-2  el_before_av_two_fifth  avia-builder-el-first  '><h2 class='av-special-heading-tag '  itemprop="headline"  >Ortsbürgermeisterin</h2><div class='special-heading-border'><div class='special-heading-inner-border' ></div></div></div>
<div class="flex_column av_two_fifth  flex_column_div av-zero-column-padding first  avia-builder-el-3  el_after_av_heading  el_before_av_three_fifth  " style='border-radius:0px; '><p><div  style=' margin-top:0px; margin-bottom:2px;'  class='hr hr-custom hr-center hr-icon-no   avia-builder-el-4  el_before_av_textblock  avia-builder-el-first '><span class='hr-inner   inner-border-av-border-none' style=' width:50px;' ><span class='hr-inner-style'></span></span></div><br />
<section class="av_textblock_section "  itemscope="itemscope" itemtype="https://schema.org/CreativeWork" ><div class='avia_textblock  '   itemprop="text" ><p><img loading="lazy" decoding="async" class="alignnone wp-image-2195" src="https://www.altrich.de/wp-content/uploads/2019/09/OBM-Stoffel-Leuchter.jpg" alt="" width="361" height="500" srcset="https://www.altrich.de/wp-content/uploads/2019/09/OBM-Stoffel-Leuchter.jpg 578w, https://www.altrich.de/wp-content/uploads/2019/09/OBM-Stoffel-Leuchter-217x300.jpg 217w, https://www.altrich.de/wp-content/uploads/2019/09/OBM-Stoffel-Leuchter-509x705.jpg 509w, https://www.altrich.de/wp-content/uploads/2019/09/OBM-Stoffel-Leuchter-450x623.jpg 450w" sizes="auto, (max-width: 361px) 100vw, 361px" /></p>
</div></section></p></div><div class="flex_column av_three_fifth  flex_column_div av-zero-column-padding   avia-builder-el-6  el_after_av_two_fifth  avia-builder-el-last  " style='border-radius:0px; '><section class="av_textblock_section "  itemscope="itemscope" itemtype="https://schema.org/CreativeWork" ><div class='avia_textblock  '   itemprop="text" ><p>Liebe Gäste, liebe Altricher,</p>
<p>im August 2019 habe ich das Amt der Ortsbürgermeisterin für Altrich übernommen und wurde bei der Kommunalwahl im Juni 2024 in diesem Amt bestätigt.</p>
<p>Bei den vielfältigen Aufgaben werde ich durch den Beigeordneten mit der Funktion „Geschäftsbereich Bau“, Johannes Valerius sowie den Beigeordneten Dorothée Benz-Hayer und Michael Moll tatkräftig unterstützt.</p>
<p>Der ganze Gemeinderat Altrich und ich möchten, dass sich die Bewohner von Altrich und unsere Gäste in unserer schönen Gemeinde wohlfühlen. Bitte unterstützen Sie uns in diesem Bestreben durch ihre Mitarbeit.</p>
<p>Für Ideen, Anregungen und konstruktive Kritik – aber auch gerne für ein Lob haben wir offene Ohren.</p>
<p><strong>Gerne können Sie mir jederzeit Ihre Anliegen per Telefon oder Mail mitteilen.</strong></p>
<p><em>Ihre Sylvia Stoffel-Leuchter</em></p>
<hr />
<p class="bodytext"><b>Kontaktdaten</b>:<br />
<a href="mailto:info@altrich.de">info@altrich.de</a>  oder <a class="internal-link" title="Öffnet internen Link im aktuellen Fenster" href="https://www.altrich.de/index.php?id=20" target="_blank" rel="noopener">Kontakt</a><br />
Tel. 06571- 9535090</p>
</div></section></div></div></div></div><!-- close content main div --></div></div><div id='av_section_2'  class='avia-section main_color avia-section-default avia-no-shadow  avia-bg-style-scroll  avia-builder-el-8  el_after_av_section  avia-builder-el-last   container_wrap fullsize' style=' '  ><div class='container' ><div class='template-page content  av-content-full alpha units'><div class='post-entry post-entry-type-page post-entry-903'><div class='entry-content-wrapper clearfix'>
<div  style='padding-bottom:10px; ' class='av-special-heading av-special-heading-h2  blockquote modern-quote modern-centered  avia-builder-el-9  el_before_av_one_half  avia-builder-el-first  '><h2 class='av-special-heading-tag '  itemprop="headline"  >Aufgaben der Ortsbürgermeisterin</h2><div class='special-heading-border'><div class='special-heading-inner-border' ></div></div></div>
<div class="flex_column av_one_half  flex_column_div av-zero-column-padding first  avia-builder-el-10  el_after_av_heading  el_before_av_one_half  " style='border-radius:0px; '><section class="av_textblock_section "  itemscope="itemscope" itemtype="https://schema.org/CreativeWork" ><div class='avia_textblock  '   itemprop="text" ><p class="bodytext"><b>Verwaltungsaufgaben</b></p>
<ul>
<li>Schnittstelle zur Verbandsgemeinde</li>
<li>Teilnahme an Sitzung der VG</li>
<li>Vorbereitung, Durchführung, Leitung und Nachbereitung von Gemeinderatssitzungen</li>
<li>Vorbereitung, Durchführung, Leitung und Nachbereitung von Fachausschusssitzungen</li>
</ul>
<p class="bodytext"><b>KiTa</b></p>
<ul>
<li>Organisation der Kindertagesstätte</li>
<li>Personalverantwortung</li>
</ul>
<p class="bodytext"><b>Altreiahalle</b></p>
<ul>
<li>Verwaltung der Altreia-Halle (Belegung und Abrechnung)</li>
</ul>
<p class="bodytext"><b>Friedhof</b></p>
<ul>
<li>Ansprechpartner für Friedhofsangelegenheiten</li>
<li>Abrechnung der Friedhofsgebühren</li>
</ul>
</div></section></div><div class="flex_column av_one_half  flex_column_div av-zero-column-padding   avia-builder-el-12  el_after_av_one_half  avia-builder-el-last  " style='border-radius:0px; '><section class="av_textblock_section "  itemscope="itemscope" itemtype="https://schema.org/CreativeWork" ><div class='avia_textblock  '   itemprop="text" ><p class="bodytext"><b>Öffentlichkeitsarbeit</b></p>
<ul>
<li>Informationstransparenz für die Bevölkerung</li>
<li>Außendarstellung der Gemeinde</li>
<li>Dorfentwicklung</li>
<li>Durchführung von Bürgersprechstunden</li>
<li>Durchführung von Bürgerversammlungen</li>
</ul>
<p class="bodytext"><b>Haushaltsplan</b></p>
<ul>
<li>Mitwirkung und Fortschreibung der Erstellung des Haushaltsplanes</li>
</ul>
<p class="bodytext"><b>Wahlen</b></p>
<ul>
<li>Organisation und Durchführung von Wahlen</li>
</ul>
<p class="bodytext"><b>Veranstaltungen</b></p>
<ul>
<li>Öffentliche und private Teilnahme an Veranstaltungen der Gemeinde sowie Jubiläen</li>
</ul>
</div></section></div>
